{"id":487,"date":"2021-02-24T17:54:04","date_gmt":"2021-02-24T16:54:04","guid":{"rendered":"https:\/\/logisel.org\/ville-emmerin\/wordpress\/?page_id=487"},"modified":"2021-07-15T16:57:29","modified_gmt":"2021-07-15T14:57:29","slug":"ccas","status":"publish","type":"page","link":"https:\/\/www.emmerin.fr\/index.php\/ccas\/","title":{"rendered":"CCAS"},"content":{"rendered":"\n<p><\/p>\n\n\n\n<h2 class=\"has-vivid-cyan-blue-color has-text-color wp-block-heading\"><strong>Centre Communal d\u2019Action Sociale<\/strong>.<\/h2>\n\n\n\n<p><strong><u>Adresse et horaires d&rsquo;ouverture du bureau administratif:<\/u><\/strong><br><\/p>\n\n\n\n<p><strong>1 rue des Fusill\u00e9s<br>59320 EMMERIN<\/strong><br><\/p>\n\n\n\n<p><strong>T\u00e9l.: 03 20 07 17 60<br>Fax: 03 20 07 90 19<\/strong><\/p>\n\n\n\n<p><strong><br><span style=\"text-decoration: underline;\">Courriel: ccas@ville-emmerin.fr<\/span><br>Ouvert du lundi au vendredi de 9 h 00 \u00e0 12 h 00&nbsp;<\/strong><\/p>\n\n\n\n<figure class=\"wp-block-image size-large\"><img loading=\"lazy\" decoding=\"async\" width=\"1024\" height=\"768\" src=\"https:\/\/www.emmerin.fr\/wp-content\/uploads\/2021\/07\/215689494_519925812636870_9090316234496931215_n-1-1024x768.jpg\" alt=\"\" class=\"wp-image-1011\" srcset=\"https:\/\/www.emmerin.fr\/wp-content\/uploads\/2021\/07\/215689494_519925812636870_9090316234496931215_n-1-1024x768.jpg 1024w, https:\/\/www.emmerin.fr\/wp-content\/uploads\/2021\/07\/215689494_519925812636870_9090316234496931215_n-1-300x225.jpg 300w, https:\/\/www.emmerin.fr\/wp-content\/uploads\/2021\/07\/215689494_519925812636870_9090316234496931215_n-1-768x576.jpg 768w, https:\/\/www.emmerin.fr\/wp-content\/uploads\/2021\/07\/215689494_519925812636870_9090316234496931215_n-1-1536x1152.jpg 1536w, https:\/\/www.emmerin.fr\/wp-content\/uploads\/2021\/07\/215689494_519925812636870_9090316234496931215_n-1-80x60.jpg 80w, https:\/\/www.emmerin.fr\/wp-content\/uploads\/2021\/07\/215689494_519925812636870_9090316234496931215_n-1.jpg 2048w\" sizes=\"auto, (max-width: 1024px) 100vw, 1024px\" \/><\/figure>\n\n\n\n<p><\/p>\n\n\n\n<p><\/p>\n\n\n\n<h2 class=\"wp-block-heading\"><strong>Dans notre commune<\/strong><\/h2>\n\n\n\n<p><strong>L&rsquo;aide \u00e0 domicile<\/strong><\/p>\n\n\n\n<p>Service de maintien \u00e0 domicile est g\u00e9r\u00e9 depuis le 01\/01\/2016&nbsp; par le&nbsp;<strong>SAD EMMERIN-HAUBOURDIN&nbsp;<\/strong><\/p>\n\n\n\n<p>Le&nbsp;<strong>SAD EMMERIN-HAUBOURDIN<\/strong>&nbsp;assiste la personne dans les actes essentiels et gestes de la vie quotidienne : aide \u00e0 la toilette, entretien du logement, courses, pr\u00e9paration du repas, assistance pour les d\u00e9marches et contribution au maintien du lien social.&nbsp;<\/p>\n\n\n\n<p><strong>Ses coordonn\u00e9es :&nbsp;<\/strong><\/p>\n\n\n\n<p><strong>Accueil physique : 11 rue Sadi Carnot, 59320 HAUBOURDIN<\/strong><\/p>\n\n\n\n<p><strong>Responsable du Service : Yohann VEERAPA<\/strong><\/p>\n\n\n\n<p><strong>T\u00e9l.&nbsp;:&nbsp;03 20 44 01 70<\/strong><\/p>\n\n\n\n<p><strong>Fax&nbsp;:&nbsp;03 20 44 01 79<\/strong><\/p>\n\n\n\n<h2 class=\"has-vivid-cyan-blue-color has-text-color wp-block-heading\"><strong><u>Le CCAS d&rsquo;Emmerin assure&nbsp;<\/u>:&nbsp;<\/strong><\/h2>\n\n\n\n<p class=\"has-vivid-cyan-blue-color has-text-color has-normal-font-size\"><strong>&#8211; LE PORTAGE DES REPAS A DOMICILE<\/strong>&nbsp;:&nbsp;<\/p>\n\n\n\n<p class=\"has-black-color has-text-color has-normal-font-size\">Des repas livr\u00e9s chaque jour, quelle que soit la dur\u00e9e du besoin.<\/p>\n\n\n\n<p class=\"has-vivid-cyan-blue-color has-text-color\"><strong>&#8211; LA TELEALARME :<\/strong><\/p>\n\n\n\n<p>Elle permet aux personnes de joindre une centrale d\u2019\u00e9coute en cas d\u2019urgence. (Dossier&nbsp;<em>Mondial Assistance<\/em>disponible en mairie)<\/p>\n\n\n\n<p class=\"has-vivid-cyan-blue-color has-text-color\"><strong>&#8211; L&rsquo;ACTION SOCIALE :<\/strong><\/p>\n\n\n\n<p>L\u2019action sociale est en faveur des familles en difficult\u00e9 et en collaboration avec une <strong>assistante sociale<\/strong>, (<strong>pr\u00e9sente en mairie le 3\u00e8me jeudi de chaque mois de 14H \u00e0 16H<\/strong>)<\/p>\n\n\n\n<p>Elle se concr\u00e9tise par de l\u2019aide en nature comme<strong> la remise de bons alimentaires, des aides financi\u00e8res exceptionnelles<\/strong>\u00a0( soumis \u00e0 l&rsquo;avis de la commission\u00a0et \u00e0 la constitution d&rsquo;un dossier complet).<\/p>\n\n\n\n<p>Elle facilite l&rsquo;acc\u00e9s aux droits sociaux :&nbsp;C.M.U. (Couverture Maladie Universelle) : prestation qui assure l\u2019acc\u00e8s \u00e0 l\u2019assurance maladie \u00e0 toute personne sans ressources, C.M.U.C. A.C.S&#8230;&#8230;., R.S.A. (Revenu de Solidarit\u00e9 Active)&#8230;.&nbsp;<\/p>\n\n\n\n<p><strong>&#8211; L&rsquo;ECOUTE SOCIALE<\/strong><\/p>\n\n\n\n<p>Un r\u00e9seau d\u2019\u00e9coute sociale, constitu\u00e9 de b\u00e9n\u00e9voles, est organis\u00e9 pour r\u00e9pondre au mieux aux besoins exprim\u00e9s par les emmerinoises et emmerinois de notre commune.<\/p>\n\n\n\n<p><strong>&#8211; AIDES ALIMENTAIRES<\/strong><\/p>\n\n\n\n<p>Elles sont de trois sortes :<br>&#8211; La Banque Alimentaire, les bons alimentaires et l&rsquo;aide \u00e0 la cantine&nbsp;<\/p>\n\n\n\n<p>Vous pouvez obtenir en mairie le r\u00e9glement de la commission d&rsquo;attribution des aides alimentaires du CCAS ainsi que ses deux annexes.<\/p>\n","protected":false},"excerpt":{"rendered":"<p>Centre Communal d\u2019Action Sociale. Adresse et horaires d&rsquo;ouverture du bureau administratif: 1 rue des Fusill\u00e9s59320 EMMERIN T\u00e9l.: 03 20 07 17 60Fax: 03 20 07 90 19 Courriel: ccas@ville-emmerin.frOuvert du&hellip;<\/p>\n","protected":false},"author":1,"featured_media":0,"parent":0,"menu_order":0,"comment_status":"closed","ping_status":"closed","template":"","meta":{"footnotes":""},"class_list":["post-487","page","type-page","status-publish","hentry"],"_links":{"self":[{"href":"https:\/\/www.emmerin.fr\/index.php\/wp-json\/wp\/v2\/pages\/487","targetHints":{"allow":["GET"]}}],"collection":[{"href":"https:\/\/www.emmerin.fr\/index.php\/wp-json\/wp\/v2\/pages"}],"about":[{"href":"https:\/\/www.emmerin.fr\/index.php\/wp-json\/wp\/v2\/types\/page"}],"author":[{"embeddable":true,"href":"https:\/\/www.emmerin.fr\/index.php\/wp-json\/wp\/v2\/users\/1"}],"replies":[{"embeddable":true,"href":"https:\/\/www.emmerin.fr\/index.php\/wp-json\/wp\/v2\/comments?post=487"}],"version-history":[{"count":5,"href":"https:\/\/www.emmerin.fr\/index.php\/wp-json\/wp\/v2\/pages\/487\/revisions"}],"predecessor-version":[{"id":1015,"href":"https:\/\/www.emmerin.fr\/index.php\/wp-json\/wp\/v2\/pages\/487\/revisions\/1015"}],"wp:attachment":[{"href":"https:\/\/www.emmerin.fr\/index.php\/wp-json\/wp\/v2\/media?parent=487"}],"curies":[{"name":"wp","href":"https:\/\/api.w.org\/{rel}","templated":true}]}}

<p></p>



<h2 class="has-vivid-cyan-blue-color has-text-color wp-block-heading"><strong>Centre Communal d’Action Sociale</strong>.</h2>



<p><strong><u>Adresse et horaires d&rsquo;ouverture du bureau administratif:</u></strong><br></p>



<p><strong>1 rue des Fusillés<br>59320 EMMERIN</strong><br></p>



<p><strong>Tél.: 03 20 07 17 60<br>Fax: 03 20 07 90 19</strong></p>



<p><strong><br><span style="text-decoration: underline;">Courriel: ccas@ville-emmerin.fr</span><br>Ouvert du lundi au vendredi de 9 h 00 à 12 h 00&nbsp;</strong></p>



<figure class="wp-block-image size-large"><img loading="lazy" decoding="async" width="1024" height="768" src="https://www.emmerin.fr/wp-content/uploads/2021/07/215689494_519925812636870_9090316234496931215_n-1-1024x768.jpg" alt="" class="wp-image-1011" srcset="https://www.emmerin.fr/wp-content/uploads/2021/07/215689494_519925812636870_9090316234496931215_n-1-1024x768.jpg 1024w, https://www.emmerin.fr/wp-content/uploads/2021/07/215689494_519925812636870_9090316234496931215_n-1-300x225.jpg 300w, https://www.emmerin.fr/wp-content/uploads/2021/07/215689494_519925812636870_9090316234496931215_n-1-768x576.jpg 768w, https://www.emmerin.fr/wp-content/uploads/2021/07/215689494_519925812636870_9090316234496931215_n-1-1536x1152.jpg 1536w, https://www.emmerin.fr/wp-content/uploads/2021/07/215689494_519925812636870_9090316234496931215_n-1-80x60.jpg 80w, https://www.emmerin.fr/wp-content/uploads/2021/07/215689494_519925812636870_9090316234496931215_n-1.jpg 2048w" sizes="auto, (max-width: 1024px) 100vw, 1024px" /></figure>



<p></p>



<p></p>



<h2 class="wp-block-heading"><strong>Dans notre commune</strong></h2>



<p><strong>L&rsquo;aide à domicile</strong></p>



<p>Service de maintien à domicile est géré depuis le 01/01/2016&nbsp; par le&nbsp;<strong>SAD EMMERIN-HAUBOURDIN&nbsp;</strong></p>



<p>Le&nbsp;<strong>SAD EMMERIN-HAUBOURDIN</strong>&nbsp;assiste la personne dans les actes essentiels et gestes de la vie quotidienne : aide à la toilette, entretien du logement, courses, préparation du repas, assistance pour les démarches et contribution au maintien du lien social.&nbsp;</p>



<p><strong>Ses coordonnées :&nbsp;</strong></p>



<p><strong>Accueil physique : 11 rue Sadi Carnot, 59320 HAUBOURDIN</strong></p>



<p><strong>Responsable du Service : Yohann VEERAPA</strong></p>



<p><strong>Tél.&nbsp;:&nbsp;03 20 44 01 70</strong></p>



<p><strong>Fax&nbsp;:&nbsp;03 20 44 01 79</strong></p>



<h2 class="has-vivid-cyan-blue-color has-text-color wp-block-heading"><strong><u>Le CCAS d&rsquo;Emmerin assure&nbsp;</u>:&nbsp;</strong></h2>



<p class="has-vivid-cyan-blue-color has-text-color has-normal-font-size"><strong>&#8211; LE PORTAGE DES REPAS A DOMICILE</strong>&nbsp;:&nbsp;</p>



<p class="has-black-color has-text-color has-normal-font-size">Des repas livrés chaque jour, quelle que soit la durée du besoin.</p>



<p class="has-vivid-cyan-blue-color has-text-color"><strong>&#8211; LA TELEALARME :</strong></p>



<p>Elle permet aux personnes de joindre une centrale d’écoute en cas d’urgence. (Dossier&nbsp;<em>Mondial Assistance</em>disponible en mairie)</p>



<p class="has-vivid-cyan-blue-color has-text-color"><strong>&#8211; L&rsquo;ACTION SOCIALE :</strong></p>



<p>L’action sociale est en faveur des familles en difficulté et en collaboration avec une <strong>assistante sociale</strong>, (<strong>présente en mairie le 3ème jeudi de chaque mois de 14H à 16H</strong>)</p>



<p>Elle se concrétise par de l’aide en nature comme<strong> la remise de bons alimentaires, des aides financières exceptionnelles</strong> ( soumis à l&rsquo;avis de la commission et à la constitution d&rsquo;un dossier complet).</p>



<p>Elle facilite l&rsquo;accés aux droits sociaux :&nbsp;C.M.U. (Couverture Maladie Universelle) : prestation qui assure l’accès à l’assurance maladie à toute personne sans ressources, C.M.U.C. A.C.S&#8230;&#8230;., R.S.A. (Revenu de Solidarité Active)&#8230;.&nbsp;</p>



<p><strong>&#8211; L&rsquo;ECOUTE SOCIALE</strong></p>



<p>Un réseau d’écoute sociale, constitué de bénévoles, est organisé pour répondre au mieux aux besoins exprimés par les emmerinoises et emmerinois de notre commune.</p>



<p><strong>&#8211; AIDES ALIMENTAIRES</strong></p>



<p>Elles sont de trois sortes :<br>&#8211; La Banque Alimentaire, les bons alimentaires et l&rsquo;aide à la cantine&nbsp;</p>



<p>Vous pouvez obtenir en mairie le réglement de la commission d&rsquo;attribution des aides alimentaires du CCAS ainsi que ses deux annexes.</p>

<p>Centre Communal d’Action Sociale. Adresse et horaires d&rsquo;ouverture du bureau administratif: 1 rue des Fusillés59320 EMMERIN Tél.: 03 20 07 17 60Fax: 03 20 07 90 19 Courriel: ccas@ville-emmerin.frOuvert du&hellip;</p>
