{"id":458,"date":"2021-02-24T17:19:37","date_gmt":"2021-02-24T16:19:37","guid":{"rendered":"https:\/\/logisel.org\/ville-emmerin\/wordpress\/?page_id=458"},"modified":"2021-10-27T16:25:22","modified_gmt":"2021-10-27T14:25:22","slug":"demarches-administratives","status":"publish","type":"page","link":"https:\/\/www.emmerin.fr\/index.php\/demarches-administratives\/","title":{"rendered":"D\u00e9marches administratives"},"content":{"rendered":"\n<p><\/p>\n\n\n\n<div class=\"wp-block-image\"><figure class=\"aligncenter size-large\"><img loading=\"lazy\" decoding=\"async\" width=\"528\" height=\"340\" src=\"https:\/\/logisel.org\/ville-emmerin\/wordpress\/wp-content\/uploads\/2021\/03\/passport-3127934__340.jpg\" alt=\"\" class=\"wp-image-593\" srcset=\"https:\/\/www.emmerin.fr\/wp-content\/uploads\/2021\/03\/passport-3127934__340.jpg 528w, https:\/\/www.emmerin.fr\/wp-content\/uploads\/2021\/03\/passport-3127934__340-300x193.jpg 300w, https:\/\/www.emmerin.fr\/wp-content\/uploads\/2021\/03\/passport-3127934__340-93x60.jpg 93w\" sizes=\"auto, (max-width: 528px) 100vw, 528px\" \/><\/figure><\/div>\n\n\n\n<p><\/p>\n\n\n\n<p><\/p>\n\n\n\n<p><\/p>\n\n\n\n<p>Il&nbsp;est &nbsp;conseill\u00e9 de consulter le site internet officiel&nbsp;:&nbsp;<a rel=\"noreferrer noopener\" href=\"http:\/\/www.service-public.fr\/\" target=\"_blank\">http:\/\/www.service-public.fr<\/a><br>ou par t\u00e9l\u00e9phone au 3939&nbsp; ou la mairie qui d\u00e9crira tous les cas et situations possibles.<\/p>\n\n\n\n<p>Le texte ci-dessous n&rsquo;est qu&rsquo;un r\u00e9sum\u00e9 \u00e0 minima des demandes.<\/p>\n\n\n\n<h2 class=\"has-vivid-cyan-blue-color has-text-color wp-block-heading\">ETAT CIVIL<\/h2>\n\n\n\n<p>Les d\u00e9marches d&rsquo;\u00e9tat civil sont celles qui sont li\u00e9es aux actes de naissance, actes de mariages et actes de d\u00e9c\u00e8s ainsi que celles relatives au livret de famille.<\/p>\n\n\n\n<p>La demande&nbsp;des actes se fait \u00e0 la mairie du lieu de naissance, de mariage ou d\u00e9c\u00e8s.<\/p>\n\n\n\n<p>La copie int\u00e9grale et l&rsquo;extrait avec filiation comportent des informations sur la personne concern\u00e9e par l&rsquo;acte (nom, pr\u00e9noms, date et lieu de naissance), des informations sur ses parents et les mentions marginales lorsqu&rsquo;elles existent.<\/p>\n\n\n\n<p>L&rsquo;extrait sans filiation comporte uniquement les informations sur la personne &nbsp;concern\u00e9e par l&rsquo;acte, ainsi que les mentions marginales lorsqu&rsquo;elles existent.<\/p>\n\n\n\n<p>Les fiches d&rsquo;\u00e9tat civil n&rsquo;existent plus depuis fin 2000. Selon les cas, elles sont remplac\u00e9es soit par la photocopie de la carte nationale d&rsquo;identit\u00e9, soit par la photocopie du livret de famille.<\/p>\n\n\n\n<p>Un nouveau site internet permet de demander vos extraits de naissance :&nbsp;<a href=\"http:\/\/www.actenaissance.com\/\">www.actenaissance.com<\/a><\/p>\n\n\n\n<h2 class=\"has-vivid-cyan-blue-color has-white-background-color has-text-color has-background wp-block-heading\">CARTE D&rsquo;IDENTITE<\/h2>\n\n\n\n<p>La proc\u00e9dure d\u2019obtention ou de renouvellement d\u2019une carte d\u2019identit\u00e9 a chang\u00e9, les demandes ne peuvent plus se faire en mairie d&rsquo;EMMERIN.&nbsp;&nbsp;La nouvelle carte \u00e9tant biom\u00e9trique (comme les passeports) seules les communes disposant de stations&nbsp;biom\u00e9triques pourront instruire vos demandes. C\u2019est le cas par exemple de Lille, Lomme, et Seclin.<\/p>\n\n\n\n<p>Pour gagner du temps une pr\u00e9demande peut \u00eatre faite par internet sur le site :&nbsp;<a href=\"http:\/\/predemande-cni.ants.gouv.fr\/\">predemande-cni.ants.gouv.fr<\/a>.<\/p>\n\n\n\n<h2 class=\"wp-block-heading\">La nouvelle carte d\u2019identit\u00e9 reste gratuite et aura une validit\u00e9 de quinze ans.<\/h2>\n\n\n\n<h2 class=\"has-vivid-cyan-blue-color has-white-background-color has-text-color has-background wp-block-heading\">PASSEPORT<\/h2>\n\n\n\n<p>Vous devez vous rendre dans une mairie qui poss\u00e8de les outils informatiques adapt\u00e9s, muni des pi\u00e8ces justificatives n\u00e9cessaires. Les documents \u00e0 pr\u00e9senter d\u00e9pendent de votre situation, vous renseigner auparavant.<\/p>\n\n\n\n<h2 class=\"has-vivid-cyan-blue-color has-white-background-color has-text-color has-background wp-block-heading\">LIVRET DE FAMILLE<\/h2>\n\n\n\n<p>D\u00e9livr\u00e9 automatiquement le jour du mariage civil&nbsp;(pour les concubins, le livret de famille est d\u00e9livr\u00e9 \u00e0 la naissance du premier enfant en commun par la mairie du lieu de naissance). Il est gratuit. Il est possible de demander un duplicata \u00e0 la mairie de votre domicile.<\/p>\n\n\n\n<h2 class=\"has-vivid-cyan-blue-color has-text-color wp-block-heading\">EXTRAIT DE CASIER JUDICIAIRE<\/h2>\n\n\n\n<p>Pour un extrait de casier judiciaire :<a href=\"http:\/\/www.cjn.justice.gouv.fr\/\" target=\"_blank\" rel=\"noreferrer noopener\">http:\/\/www.cjn.justice.gouv.fr<\/a><\/p>\n\n\n\n<h2 class=\"has-vivid-cyan-blue-color has-white-background-color has-text-color has-background wp-block-heading\">CARTE D&rsquo;ELECTEUR<\/h2>\n\n\n\n<p>Pi\u00e8ces \u00e0 fournir :<\/p>\n\n\n\n<p>&#8211; Une pi\u00e8ce d&rsquo;identit\u00e9 en cours de validit\u00e9.<\/p>\n\n\n\n<p>&#8211; Un justificatif de domicile de moins de 3 mois.<\/p>\n\n\n\n<p>Co\u00fbt gratuit, lieu de d\u00e9p\u00f4t : mairie du domicile du 1er janvier au 31&nbsp;d\u00e9cembre.<\/p>\n\n\n\n<p>D\u00e9lai d&rsquo;obtention : le 1er mars de l&rsquo;ann\u00e9e suivante.<\/p>\n\n\n\n<h2 class=\"has-vivid-cyan-blue-color has-white-background-color has-text-color has-background wp-block-heading\">PERMIS DE CONDUIRE<\/h2>\n\n\n\n<p>Pour le premier permis :<\/p>\n\n\n\n<p>Une demande de permis de conduire original remise par l&rsquo;inspecteur des permis de conduire et la feuille rose attestant &nbsp;la r\u00e9ussite \u00e0 l&rsquo;examen.<\/p>\n\n\n\n<p>Pour le renouvellemnt :<\/p>\n\n\n\n<p>Un formulaire de demande de duplicata, la d\u00e9claration de perte effectu\u00e9e aupr\u00e8s du commisariat ou de la gendarmerie ou la d\u00e9claration de vol effectu\u00e9e aupr\u00e8s de la gendarmerie ou de la police, ou le permis d\u00e9t\u00e9rior\u00e9&nbsp;s&rsquo;il s&rsquo;agit d&rsquo;une d\u00e9t\u00e9riortion. Une carte d&rsquo;identit\u00e9, deux justificatifs de domicile diff\u00e9rents, de moins de 3 mois, portant le nom et le pr\u00e9nom (quittance d&rsquo;eau, t\u00e9l\u00e9phone, \u00e9lectricit\u00e9, assurance), deux photos d&rsquo;identit\u00e9 de moins de 3 mois, de face, t\u00eate nue, sur fond neutre.&nbsp;<\/p>\n\n\n\n<p>Lieu de d\u00e9p\u00f4t : pr\u00e9fecture du domicile.<\/p>\n\n\n\n<p>D\u00e9lai d&rsquo;obtention : entre 15 jours et un mois.<\/p>\n\n\n\n<h2 class=\"has-vivid-cyan-blue-color has-text-color wp-block-heading\">JOURN\u00c9E D\u00c9FENSE ET CITOYENNET\u00c9<\/h2>\n\n\n\n<p>Le centre du service national (CSN) de Lille lance une nouvelle campagne de promotion du recensement, deuxi\u00e8me \u00e9tape du Parcours citoyen.<\/p>\n\n\n\n<p>Le recensement en mairie de tous les gar\u00e7ons et filles entre 16 ans et 16 ans et trois mois est une \u00e9tape n\u00e9cessaire pour l&rsquo;inscription sur les listes \u00e9lectorales et la participation \u00e0 la Journ\u00e9e D\u00e9fense et Citoyennet\u00e9 (JDC).<\/p>\n\n\n\n<p><a href=\"http:\/\/www.defense.gouv.fr\/jdc\">http:\/\/www.defense.gouv.fr\/jdc<\/a><\/p>\n\n\n\n<p>Le personnel de la mairie est \u00e0 votre disposition pour tout renseignement.<\/p>\n\n\n\n<p><\/p>\n\n\n\n<h2 class=\"has-vivid-cyan-blue-color has-text-color wp-block-heading\">CARTE GRISE <\/h2>\n\n\n\n<p>L&rsquo;int\u00e9gralit\u00e9 des demandes li\u00e9es \u00e0 la carte grise sont \u00e0 effectuer sur internet sur le site officiel :&nbsp;<a rel=\"noreferrer noopener\" href=\"https:\/\/immatriculation.ants.gouv.fr\/\" target=\"_blank\">https:\/\/immatriculation.ants.gouv.fr\/<\/a>&nbsp;et UNIQUEMENT sur ce site ! <\/p>\n\n\n\n<p><\/p>\n\n\n\n<p>Les personnes pr\u00e9f\u00e9rant b\u00e9n\u00e9ficier d&rsquo;un accompagnement peuvent s&rsquo;adresser \u00e0 un garagiste agr\u00e9\u00e9 par la pr\u00e9fecture :&nbsp;<a rel=\"noreferrer noopener\" href=\"https:\/\/www.vroomly.com\/garage-59\/\" target=\"_blank\">Garage dans le 59<\/a><br><\/p>\n\n\n\n<p><strong>ATTENTION !<\/strong><\/p>\n\n\n\n<p>Certains autres sites internet proposent aussi leur aide pour la r\u00e9alisation de ces derni\u00e8res. Ces sites trompeurs proposent de r\u00e9aliser les d\u00e9marches pour obtenir un certificat d&rsquo;immatriculation en \u00e9change de frais \u00ab\u00a0d&rsquo;assistance en ligne\u00a0\u00bb, de \u00ab\u00a0traitement du dossier\u00a0\u00bb ou encore de \u00ab\u00a0t\u00e2ches administratives automatis\u00e9es\u00a0\u00bb. <\/p>\n\n\n\n<p>Or, sur le site officiel de l<strong>&lsquo;ANTS, l&rsquo;Agence nationale des titres s\u00e9curis\u00e9s, les d\u00e9marches sont gratuites.&nbsp; Informez vous sur ces dangers et sur le vrai prix de la carte grise&nbsp;<a rel=\"noreferrer noopener\" href=\"https:\/\/www.courroie-distribution.fr\/blog\/combien-coute-une-carte-grise\/\" target=\"_blank\">ici<\/a>.<\/strong><br>En cas de perte de votre carte grise, les d\u00e9marches sont l\u00e9g\u00e8rement diff\u00e9rentes,&nbsp;<strong><a rel=\"noreferrer noopener\" href=\"https:\/\/www.vroomly.com\/blog\/perte-de-carte-grise-tout-ce-que-vous-devez-savoir\/\" target=\"_blank\">consultez le guide<\/a>.<\/strong><\/p>\n","protected":false},"excerpt":{"rendered":"<p>Il&nbsp;est &nbsp;conseill\u00e9 de consulter le site internet officiel&nbsp;:&nbsp;http:\/\/www.service-public.frou par t\u00e9l\u00e9phone au 3939&nbsp; ou la mairie qui d\u00e9crira tous les cas et situations possibles. Le texte ci-dessous n&rsquo;est qu&rsquo;un r\u00e9sum\u00e9 \u00e0&hellip;<\/p>\n","protected":false},"author":1,"featured_media":0,"parent":0,"menu_order":0,"comment_status":"closed","ping_status":"closed","template":"","meta":{"footnotes":""},"class_list":["post-458","page","type-page","status-publish","hentry"],"_links":{"self":[{"href":"https:\/\/www.emmerin.fr\/index.php\/wp-json\/wp\/v2\/pages\/458","targetHints":{"allow":["GET"]}}],"collection":[{"href":"https:\/\/www.emmerin.fr\/index.php\/wp-json\/wp\/v2\/pages"}],"about":[{"href":"https:\/\/www.emmerin.fr\/index.php\/wp-json\/wp\/v2\/types\/page"}],"author":[{"embeddable":true,"href":"https:\/\/www.emmerin.fr\/index.php\/wp-json\/wp\/v2\/users\/1"}],"replies":[{"embeddable":true,"href":"https:\/\/www.emmerin.fr\/index.php\/wp-json\/wp\/v2\/comments?post=458"}],"version-history":[{"count":8,"href":"https:\/\/www.emmerin.fr\/index.php\/wp-json\/wp\/v2\/pages\/458\/revisions"}],"predecessor-version":[{"id":1521,"href":"https:\/\/www.emmerin.fr\/index.php\/wp-json\/wp\/v2\/pages\/458\/revisions\/1521"}],"wp:attachment":[{"href":"https:\/\/www.emmerin.fr\/index.php\/wp-json\/wp\/v2\/media?parent=458"}],"curies":[{"name":"wp","href":"https:\/\/api.w.org\/{rel}","templated":true}]}}