{"id":311,"date":"2021-02-23T17:45:13","date_gmt":"2021-02-23T16:45:13","guid":{"rendered":"https:\/\/logisel.org\/ville-emmerin\/wordpress\/?page_id=311"},"modified":"2026-01-15T14:34:32","modified_gmt":"2026-01-15T13:34:32","slug":"accueils-de-loisirs","status":"publish","type":"page","link":"https:\/\/www.emmerin.fr\/index.php\/accueils-de-loisirs\/","title":{"rendered":"Accueils de Loisirs"},"content":{"rendered":"\n<figure class=\"wp-block-image size-large\"><img decoding=\"async\" src=\"https:\/\/i2.wp.com\/aventuresdenotrevie.com\/wp-content\/uploads\/2018\/09\/enfant-insouciant.jpg\" alt=\"\"\/><\/figure>\n\n\n\n<p><\/p>\n\n\n\n<h2 class=\"wp-block-heading has-text-align-center has-vivid-cyan-blue-color has-text-color has-large-font-size\">Accueils de Loisirs<\/h2>\n\n\n\n<p><\/p>\n\n\n\n<p>Un accueil de loisirs municipal est organis\u00e9 la 1<sup>\u00e8re<\/sup>&nbsp;semaine des petites vacances d&rsquo;Hiver (ferm\u00e9 \u00e0 No\u00ebl), de&nbsp;Printemps, d&rsquo;Automne et 3 ou 4 semaines au mois de Juillet.<\/p>\n\n\n\n<p><\/p>\n\n\n\n<p class=\"has-text-align-center has-vivid-cyan-blue-color has-text-color has-medium-font-size\">Dates d&rsquo;inscription des accueils de loisirs 2025\/2026:&nbsp;<\/p>\n\n\n\n<p class=\"has-text-align-center has-black-color has-text-color\"><\/p>\n\n\n\n<div class=\"wp-block-file\"><a id=\"wp-block-file--media-d3b1b408-641e-43af-8a76-6b0a2db77828\" href=\"https:\/\/www.emmerin.fr\/wp-content\/uploads\/2026\/01\/Dates-accueils-de-loisirs-1.pdf\">Dates accueils de loisirs<\/a><a href=\"https:\/\/www.emmerin.fr\/wp-content\/uploads\/2026\/01\/Dates-accueils-de-loisirs-1.pdf\" class=\"wp-block-file__button wp-element-button\" download aria-describedby=\"wp-block-file--media-d3b1b408-641e-43af-8a76-6b0a2db77828\">T\u00e9l\u00e9charger<\/a><\/div>\n\n\n\n<p class=\"has-text-align-center has-black-color has-text-color\"><\/p>\n\n\n\n<p class=\"has-text-align-center has-black-color has-text-color\"><\/p>\n\n\n\n<p class=\"has-text-align-center has-black-color has-text-color\"><\/p>\n\n\n\n<p><\/p>\n\n\n\n<p class=\"has-vivid-cyan-blue-color has-text-color has-medium-font-size\">Organisation des accueils de loisirs :<\/p>\n\n\n\n<p>Les inscriptions se font \u00e0 la semaine et en journ\u00e9e compl\u00e8te (temps de restauration inclus)<\/p>\n\n\n\n<p class=\"has-normal-font-size\">L\u2019\u00e9quipe d\u2019animation, compos\u00e9e <strong>d\u2019animateurs titulaires et de vacataires <\/strong>dipl\u00f4m\u00e9s ou stagiaires propose, au sein du groupe scolaire Simons, un \u00e9ventail d\u2019activit\u00e9s vari\u00e9 suivant une th\u00e9matique d\u00e9finie selon le rythme et les envies des enfants.<\/p>\n\n\n\n<p><\/p>\n\n\n\n<p class=\"has-vivid-cyan-blue-color has-text-color has-large-font-size\">Horaires<\/p>\n\n\n\n<p><strong>ALSH : 09h00 &#8211; 17h00<\/strong><\/p>\n\n\n\n<p>Un accueil \u00e9chelonn\u00e9 est mis en place le matin et le soir, veillez \u00e0 respecter ces horaires:<\/p>\n\n\n\n<p>Le matin &nbsp;de <strong>9h00&nbsp;\u00e0 9h10<\/strong><\/p>\n\n\n\n<p>le soir de <strong>17h00&nbsp;\u00e0 17h10<\/strong><\/p>\n\n\n\n<p>Accueil peri-ALSH de <strong>8h00 \u00e0 8h50<\/strong>&nbsp;et de <strong>17h&nbsp;\u00e0 18h<\/strong><\/p>\n\n\n\n<p><\/p>\n\n\n\n<p><\/p>\n\n\n\n<p class=\"has-vivid-cyan-blue-color has-text-color has-large-font-size\"><strong>Accueil de loisirs de juillet 2025<\/strong><\/p>\n\n\n\n<p><\/p>\n\n\n\n<p><strong>L\u2019accueil de loisirs  aura lieu&nbsp;du lundi 07 juillet  au vendredi 01 ao\u00fbt 2024.<\/strong><\/p>\n\n\n\n<p><strong>&nbsp;Inscriptions&nbsp;:<\/strong><\/p>\n\n\n\n<p>Pour fr\u00e9quenter l&rsquo;accueil de loisirs, les enfants doivent obligatoirement \u00eatre inscrits au pr\u00e9alable sur votre Portail Famille.<\/p>\n\n\n\n<p><\/p>\n\n\n\n<p><\/p>\n\n\n\n<p><strong>Pour les enfants Emmerinois scolaris\u00e9s \u00e0 Emmerin, d\u00e8s la scolarisation (sinon aux 3 ans de l&rsquo;enfant) et jusqu&rsquo;\u00e0 17 ans.<\/strong><\/p>\n\n\n\n<h2 class=\"wp-block-heading\">T\u00e9l\u00e9charger les tarifs des Accueils de loisirs : <\/h2>\n\n\n\n<div class=\"wp-block-file\"><a id=\"wp-block-file--media-cbdf9b66-c921-4c09-9ea2-4f2f111736d4\" href=\"https:\/\/www.emmerin.fr\/wp-content\/uploads\/2026\/01\/DELIB-2025_28-correctif-tarifs-PERI-EXTRA-scolaire.pdf\">TARIFS 2026\/2027<\/a><a href=\"https:\/\/www.emmerin.fr\/wp-content\/uploads\/2026\/01\/DELIB-2025_28-correctif-tarifs-PERI-EXTRA-scolaire.pdf\" class=\"wp-block-file__button wp-element-button\" download aria-describedby=\"wp-block-file--media-cbdf9b66-c921-4c09-9ea2-4f2f111736d4\">T\u00e9l\u00e9charger<\/a><\/div>\n\n\n\n<p><strong>T\u00e9l\u00e9charger les nouvelles proc\u00e9dures d&rsquo;inscription des Accueils de loisirs :<\/strong><\/p>\n\n\n\n<div class=\"wp-block-file\"><a id=\"wp-block-file--media-db99543d-ba04-4881-9ec7-e043677214b8\" href=\"https:\/\/www.emmerin.fr\/wp-content\/uploads\/2024\/08\/Fiche-sanitaire-1.pdf\">Fiche sanitaire<\/a><\/div>\n\n\n\n<h2 class=\"wp-block-heading has-vivid-cyan-blue-color has-text-color\">R\u00e9glement<\/h2>\n\n\n\n<div class=\"wp-block-file\"><a id=\"wp-block-file--media-61849f94-8ab6-4b3d-8184-fe00ef60bfeb\" href=\"https:\/\/www.emmerin.fr\/wp-content\/uploads\/2024\/09\/Reglement-accueil-extrascolaire.pdf\">Reglement accueil extrascolaire<\/a><a href=\"https:\/\/www.emmerin.fr\/wp-content\/uploads\/2024\/09\/Reglement-accueil-extrascolaire.pdf\" class=\"wp-block-file__button wp-element-button\" download aria-describedby=\"wp-block-file--media-61849f94-8ab6-4b3d-8184-fe00ef60bfeb\">T\u00e9l\u00e9charger<\/a><\/div>\n","protected":false},"excerpt":{"rendered":"<p>Accueils de Loisirs Un accueil de loisirs municipal est organis\u00e9 la 1\u00e8re&nbsp;semaine des petites vacances d&rsquo;Hiver (ferm\u00e9 \u00e0 No\u00ebl), de&nbsp;Printemps, d&rsquo;Automne et 3 ou 4 semaines au mois de Juillet.&hellip;<\/p>\n","protected":false},"author":1,"featured_media":0,"parent":0,"menu_order":0,"comment_status":"closed","ping_status":"closed","template":"","meta":{"footnotes":""},"class_list":["post-311","page","type-page","status-publish","hentry"],"_links":{"self":[{"href":"https:\/\/www.emmerin.fr\/index.php\/wp-json\/wp\/v2\/pages\/311","targetHints":{"allow":["GET"]}}],"collection":[{"href":"https:\/\/www.emmerin.fr\/index.php\/wp-json\/wp\/v2\/pages"}],"about":[{"href":"https:\/\/www.emmerin.fr\/index.php\/wp-json\/wp\/v2\/types\/page"}],"author":[{"embeddable":true,"href":"https:\/\/www.emmerin.fr\/index.php\/wp-json\/wp\/v2\/users\/1"}],"replies":[{"embeddable":true,"href":"https:\/\/www.emmerin.fr\/index.php\/wp-json\/wp\/v2\/comments?post=311"}],"version-history":[{"count":47,"href":"https:\/\/www.emmerin.fr\/index.php\/wp-json\/wp\/v2\/pages\/311\/revisions"}],"predecessor-version":[{"id":5039,"href":"https:\/\/www.emmerin.fr\/index.php\/wp-json\/wp\/v2\/pages\/311\/revisions\/5039"}],"wp:attachment":[{"href":"https:\/\/www.emmerin.fr\/index.php\/wp-json\/wp\/v2\/media?parent=311"}],"curies":[{"name":"wp","href":"https:\/\/api.w.org\/{rel}","templated":true}]}}

<figure class="wp-block-image size-large"><img decoding="async" src="https://i2.wp.com/aventuresdenotrevie.com/wp-content/uploads/2018/09/enfant-insouciant.jpg" alt=""/></figure>



<p></p>



<h2 class="wp-block-heading has-text-align-center has-vivid-cyan-blue-color has-text-color has-large-font-size">Accueils de Loisirs</h2>



<p></p>



<p>Un accueil de loisirs municipal est organisé la 1<sup>ère</sup>&nbsp;semaine des petites vacances d&rsquo;Hiver (fermé à Noël), de&nbsp;Printemps, d&rsquo;Automne et 3 ou 4 semaines au mois de Juillet.</p>



<p></p>



<p class="has-text-align-center has-vivid-cyan-blue-color has-text-color has-medium-font-size">Dates d&rsquo;inscription des accueils de loisirs 2025/2026:&nbsp;</p>



<p class="has-text-align-center has-black-color has-text-color"></p>



<div class="wp-block-file"><a id="wp-block-file--media-d3b1b408-641e-43af-8a76-6b0a2db77828" href="https://www.emmerin.fr/wp-content/uploads/2026/01/Dates-accueils-de-loisirs-1.pdf">Dates accueils de loisirs</a><a href="https://www.emmerin.fr/wp-content/uploads/2026/01/Dates-accueils-de-loisirs-1.pdf" class="wp-block-file__button wp-element-button" download aria-describedby="wp-block-file--media-d3b1b408-641e-43af-8a76-6b0a2db77828">Télécharger</a></div>



<p class="has-text-align-center has-black-color has-text-color"></p>



<p class="has-text-align-center has-black-color has-text-color"></p>



<p class="has-text-align-center has-black-color has-text-color"></p>



<p></p>



<p class="has-vivid-cyan-blue-color has-text-color has-medium-font-size">Organisation des accueils de loisirs :</p>



<p>Les inscriptions se font à la semaine et en journée complète (temps de restauration inclus)</p>



<p class="has-normal-font-size">L’équipe d’animation, composée <strong>d’animateurs titulaires et de vacataires </strong>diplômés ou stagiaires propose, au sein du groupe scolaire Simons, un éventail d’activités varié suivant une thématique définie selon le rythme et les envies des enfants.</p>



<p></p>



<p class="has-vivid-cyan-blue-color has-text-color has-large-font-size">Horaires</p>



<p><strong>ALSH : 09h00 &#8211; 17h00</strong></p>



<p>Un accueil échelonné est mis en place le matin et le soir, veillez à respecter ces horaires:</p>



<p>Le matin &nbsp;de <strong>9h00&nbsp;à 9h10</strong></p>



<p>le soir de <strong>17h00&nbsp;à 17h10</strong></p>



<p>Accueil peri-ALSH de <strong>8h00 à 8h50</strong>&nbsp;et de <strong>17h&nbsp;à 18h</strong></p>



<p></p>



<p></p>



<p class="has-vivid-cyan-blue-color has-text-color has-large-font-size"><strong>Accueil de loisirs de juillet 2025</strong></p>



<p></p>



<p><strong>L’accueil de loisirs  aura lieu&nbsp;du lundi 07 juillet  au vendredi 01 août 2024.</strong></p>



<p><strong>&nbsp;Inscriptions&nbsp;:</strong></p>



<p>Pour fréquenter l&rsquo;accueil de loisirs, les enfants doivent obligatoirement être inscrits au préalable sur votre Portail Famille.</p>



<p></p>



<p></p>



<p><strong>Pour les enfants Emmerinois scolarisés à Emmerin, dès la scolarisation (sinon aux 3 ans de l&rsquo;enfant) et jusqu&rsquo;à 17 ans.</strong></p>



<h2 class="wp-block-heading">Télécharger les tarifs des Accueils de loisirs : </h2>



<div class="wp-block-file"><a id="wp-block-file--media-cbdf9b66-c921-4c09-9ea2-4f2f111736d4" href="https://www.emmerin.fr/wp-content/uploads/2026/01/DELIB-2025_28-correctif-tarifs-PERI-EXTRA-scolaire.pdf">TARIFS 2026/2027</a><a href="https://www.emmerin.fr/wp-content/uploads/2026/01/DELIB-2025_28-correctif-tarifs-PERI-EXTRA-scolaire.pdf" class="wp-block-file__button wp-element-button" download aria-describedby="wp-block-file--media-cbdf9b66-c921-4c09-9ea2-4f2f111736d4">Télécharger</a></div>



<p><strong>Télécharger les nouvelles procédures d&rsquo;inscription des Accueils de loisirs :</strong></p>



<div class="wp-block-file"><a id="wp-block-file--media-db99543d-ba04-4881-9ec7-e043677214b8" href="https://www.emmerin.fr/wp-content/uploads/2024/08/Fiche-sanitaire-1.pdf">Fiche sanitaire</a></div>



<h2 class="wp-block-heading has-vivid-cyan-blue-color has-text-color">Réglement</h2>



<div class="wp-block-file"><a id="wp-block-file--media-61849f94-8ab6-4b3d-8184-fe00ef60bfeb" href="https://www.emmerin.fr/wp-content/uploads/2024/09/Reglement-accueil-extrascolaire.pdf">Reglement accueil extrascolaire</a><a href="https://www.emmerin.fr/wp-content/uploads/2024/09/Reglement-accueil-extrascolaire.pdf" class="wp-block-file__button wp-element-button" download aria-describedby="wp-block-file--media-61849f94-8ab6-4b3d-8184-fe00ef60bfeb">Télécharger</a></div>

<p>Accueils de Loisirs Un accueil de loisirs municipal est organisé la 1ère&nbsp;semaine des petites vacances d&rsquo;Hiver (fermé à Noël), de&nbsp;Printemps, d&rsquo;Automne et 3 ou 4 semaines au mois de Juillet.&hellip;</p>
