{"id":304,"date":"2021-02-23T17:39:40","date_gmt":"2021-02-23T16:39:40","guid":{"rendered":"https:\/\/logisel.org\/ville-emmerin\/wordpress\/?page_id=304"},"modified":"2026-01-15T14:27:05","modified_gmt":"2026-01-15T13:27:05","slug":"mercredis-recreatifs","status":"publish","type":"page","link":"https:\/\/www.emmerin.fr\/index.php\/mercredis-recreatifs\/","title":{"rendered":"Mercredis R\u00e9cr\u00e9atifs"},"content":{"rendered":"\n<p>Pour inscrire votre enfant aux mercredis r\u00e9cr\u00e9atifs, vous devez obligatoirement compl\u00e9ter son dossier sur votre Portail Famille.<\/p>\n\n\n\n<p><\/p>\n\n\n\n<p>Ensuite, vous devez inscrire les jours de pr\u00e9sences de votre enfant.<\/p>\n\n\n\n<p><\/p>\n\n\n\n<div class=\"wp-block-file\"><\/div>\n\n\n\n<h2 class=\"wp-block-heading has-large-font-size\"><a href=\"http:\/\/www.ville-emmerin.net\/photos\/enfants\/FONCTIONNEMENT-DES-MERCREDIS-2019-2020.pdf\"><strong>FONCTIONNEMENT DES MERCREDIS RECREATIFS<\/strong><\/a><\/h2>\n\n\n\n<p><\/p>\n\n\n\n<p>Les Mercredis r\u00e9cr\u00e9atifs fonctionnent de&nbsp;<strong>09h00 \u00e0 17h00<\/strong>&nbsp;en p\u00e9riode scolaire.<\/p>\n\n\n\n<p>Le midi une restauration est pr\u00e9vue, il s&rsquo;agit d&rsquo;un pique-nique compos\u00e9 d&rsquo;un sandwich et d&rsquo;un dessert. Les enfants viennent avec leur go\u00fbter et une gourde remplie d&rsquo;eau. <br><\/p>\n\n\n\n<p>Un accueil p\u00e9ri-centre est pr\u00e9vu le matin de<strong>&nbsp;08h00 \u00e0 08h50<\/strong>&nbsp;et le soir de<strong>&nbsp;17h10 \u00e0 18h00.<\/strong><\/p>\n\n\n\n<p><em>Changement de fonctionnement :<\/em><\/p>\n\n\n\n<p><em>Les enfants sont par groupe d&rsquo;\u00e2ge et les animateurs organisent les activit\u00e9s en fonction du choix des enfants, plusieurs activit\u00e9s leurs sont propos\u00e9es. Chaque ann\u00e9e, un nouveau th\u00e8me est abord\u00e9. Cette ann\u00e9e le th\u00e8me qui se retrouvera dans tous les accueils de loisirs est: \u00ab\u00a0L&rsquo;Art nature &#8230; en chemin\u00a0\u00bb&nbsp;&nbsp;Nous aborderons les diff\u00e9rents types d&rsquo;art en sensibilisant les enfants au respect de la nature et \u00e0 l&rsquo;importance du recyclage.<\/em><\/p>\n\n\n\n<p>.<\/p>\n\n\n\n<h2 class=\"wp-block-heading\">TARIFS<\/h2>\n\n\n\n<h2 class=\"wp-block-heading has-medium-font-size\"><\/h2>\n\n\n\n<p><\/p>\n\n\n\n<div class=\"wp-block-file\"><a id=\"wp-block-file--media-17d1b8cb-2208-4436-bb85-8da6221f1002\" href=\"https:\/\/www.emmerin.fr\/wp-content\/uploads\/2026\/01\/DELIB-2025_28-correctif-tarifs-PERI-EXTRA-scolaire-2.pdf\">TARIFS 2026\/2027<\/a><a href=\"https:\/\/www.emmerin.fr\/wp-content\/uploads\/2026\/01\/DELIB-2025_28-correctif-tarifs-PERI-EXTRA-scolaire-2.pdf\" class=\"wp-block-file__button wp-element-button\" download aria-describedby=\"wp-block-file--media-17d1b8cb-2208-4436-bb85-8da6221f1002\">T\u00e9l\u00e9charger<\/a><\/div>\n","protected":false},"excerpt":{"rendered":"<p>Pour inscrire votre enfant aux mercredis r\u00e9cr\u00e9atifs, vous devez obligatoirement compl\u00e9ter son dossier sur votre Portail Famille. Ensuite, vous devez inscrire les jours de pr\u00e9sences de votre enfant. FONCTIONNEMENT DES&hellip;<\/p>\n","protected":false},"author":1,"featured_media":0,"parent":0,"menu_order":0,"comment_status":"closed","ping_status":"closed","template":"","meta":{"footnotes":""},"class_list":["post-304","page","type-page","status-publish","hentry"],"_links":{"self":[{"href":"https:\/\/www.emmerin.fr\/index.php\/wp-json\/wp\/v2\/pages\/304","targetHints":{"allow":["GET"]}}],"collection":[{"href":"https:\/\/www.emmerin.fr\/index.php\/wp-json\/wp\/v2\/pages"}],"about":[{"href":"https:\/\/www.emmerin.fr\/index.php\/wp-json\/wp\/v2\/types\/page"}],"author":[{"embeddable":true,"href":"https:\/\/www.emmerin.fr\/index.php\/wp-json\/wp\/v2\/users\/1"}],"replies":[{"embeddable":true,"href":"https:\/\/www.emmerin.fr\/index.php\/wp-json\/wp\/v2\/comments?post=304"}],"version-history":[{"count":28,"href":"https:\/\/www.emmerin.fr\/index.php\/wp-json\/wp\/v2\/pages\/304\/revisions"}],"predecessor-version":[{"id":5036,"href":"https:\/\/www.emmerin.fr\/index.php\/wp-json\/wp\/v2\/pages\/304\/revisions\/5036"}],"wp:attachment":[{"href":"https:\/\/www.emmerin.fr\/index.php\/wp-json\/wp\/v2\/media?parent=304"}],"curies":[{"name":"wp","href":"https:\/\/api.w.org\/{rel}","templated":true}]}}

Mercredis Récréatifs

<p>Pour inscrire votre enfant aux mercredis récréatifs, vous devez obligatoirement compléter son dossier sur votre Portail Famille.</p>



<p></p>



<p>Ensuite, vous devez inscrire les jours de présences de votre enfant.</p>



<p></p>



<div class="wp-block-file"></div>



<h2 class="wp-block-heading has-large-font-size"><a href="http://www.ville-emmerin.net/photos/enfants/FONCTIONNEMENT-DES-MERCREDIS-2019-2020.pdf"><strong>FONCTIONNEMENT DES MERCREDIS RECREATIFS</strong></a></h2>



<p></p>



<p>Les Mercredis récréatifs fonctionnent de&nbsp;<strong>09h00 à 17h00</strong>&nbsp;en période scolaire.</p>



<p>Le midi une restauration est prévue, il s&rsquo;agit d&rsquo;un pique-nique composé d&rsquo;un sandwich et d&rsquo;un dessert. Les enfants viennent avec leur goûter et une gourde remplie d&rsquo;eau. <br></p>



<p>Un accueil péri-centre est prévu le matin de<strong>&nbsp;08h00 à 08h50</strong>&nbsp;et le soir de<strong>&nbsp;17h10 à 18h00.</strong></p>



<p><em>Changement de fonctionnement :</em></p>



<p><em>Les enfants sont par groupe d&rsquo;âge et les animateurs organisent les activités en fonction du choix des enfants, plusieurs activités leurs sont proposées. Chaque année, un nouveau thème est abordé. Cette année le thème qui se retrouvera dans tous les accueils de loisirs est: « L&rsquo;Art nature &#8230; en chemin »&nbsp;&nbsp;Nous aborderons les différents types d&rsquo;art en sensibilisant les enfants au respect de la nature et à l&rsquo;importance du recyclage.</em></p>



<p>.</p>



<h2 class="wp-block-heading">TARIFS</h2>



<h2 class="wp-block-heading has-medium-font-size"></h2>



<p></p>



<div class="wp-block-file"><a id="wp-block-file--media-17d1b8cb-2208-4436-bb85-8da6221f1002" href="https://www.emmerin.fr/wp-content/uploads/2026/01/DELIB-2025_28-correctif-tarifs-PERI-EXTRA-scolaire-2.pdf">TARIFS 2026/2027</a><a href="https://www.emmerin.fr/wp-content/uploads/2026/01/DELIB-2025_28-correctif-tarifs-PERI-EXTRA-scolaire-2.pdf" class="wp-block-file__button wp-element-button" download aria-describedby="wp-block-file--media-17d1b8cb-2208-4436-bb85-8da6221f1002">Télécharger</a></div>

<p>Pour inscrire votre enfant aux mercredis récréatifs, vous devez obligatoirement compléter son dossier sur votre Portail Famille. Ensuite, vous devez inscrire les jours de présences de votre enfant. FONCTIONNEMENT DES&hellip;</p>
