{"id":234,"date":"2021-02-23T12:41:36","date_gmt":"2021-02-23T11:41:36","guid":{"rendered":"https:\/\/logisel.org\/ville-emmerin\/wordpress\/?page_id=234"},"modified":"2023-09-09T10:35:23","modified_gmt":"2023-09-09T08:35:23","slug":"loisir","status":"publish","type":"page","link":"https:\/\/www.emmerin.fr\/index.php\/loisir\/","title":{"rendered":"Musique"},"content":{"rendered":"<div class=\"wp-block-image\">\n<figure class=\"aligncenter size-large\"><img loading=\"lazy\" decoding=\"async\" width=\"340\" height=\"340\" src=\"https:\/\/logisel.org\/ville-emmerin\/wordpress\/wp-content\/uploads\/2021\/03\/musical-note-1990141__340.jpg\" alt=\"\" class=\"wp-image-574\" srcset=\"https:\/\/www.emmerin.fr\/wp-content\/uploads\/2021\/03\/musical-note-1990141__340.jpg 340w, https:\/\/www.emmerin.fr\/wp-content\/uploads\/2021\/03\/musical-note-1990141__340-300x300.jpg 300w, https:\/\/www.emmerin.fr\/wp-content\/uploads\/2021\/03\/musical-note-1990141__340-150x150.jpg 150w, https:\/\/www.emmerin.fr\/wp-content\/uploads\/2021\/03\/musical-note-1990141__340-60x60.jpg 60w\" sizes=\"auto, (max-width: 340px) 100vw, 340px\" \/><\/figure>\n<\/div>\n\n\n<p><\/p>\n\n\n\n<p class=\"has-vivid-cyan-blue-color has-text-color has-medium-font-size\">Harmonie &nbsp;\u00ab\u00a0La nouvelle concorde\u00a0\u00bb<\/p>\n\n\n<div class=\"wp-block-image\">\n<figure class=\"aligncenter size-large\"><img loading=\"lazy\" decoding=\"async\" width=\"155\" height=\"162\" src=\"https:\/\/logisel.org\/ville-emmerin\/wordpress\/wp-content\/uploads\/2021\/02\/harmonie-logo-2006.jpg\" alt=\"\" class=\"wp-image-331\" srcset=\"https:\/\/www.emmerin.fr\/wp-content\/uploads\/2021\/02\/harmonie-logo-2006.jpg 155w, https:\/\/www.emmerin.fr\/wp-content\/uploads\/2021\/02\/harmonie-logo-2006-57x60.jpg 57w\" sizes=\"auto, (max-width: 155px) 100vw, 155px\" \/><\/figure>\n<\/div>\n\n\n<figure class=\"wp-block-table\"><table><tbody><tr><td>Mme&nbsp;Virginie Degardin<br><\/td><td><br>06 33 13 33 66<br>virginie.degardin@yahoo.fr<br><\/td><\/tr><\/tbody><\/table><\/figure>\n\n\n\n<p><\/p>\n\n\n\n<p><a href=\"https:\/\/lanouvelleconcorde.jimdofree.com\/qui-sommes-nous\/\">https:\/\/lanouvelleconcorde.jimdofree.com\/qui-sommes-nous\/<\/a><\/p>\n\n\n\n<p><a href=\"https:\/\/www.facebook.com\/orchestre.harmonie.nouvelleconcorde.emmerin\">https:\/\/www.facebook.com\/orchestre.harmonie.nouvelleconcorde.emmerin<\/a><\/p>\n\n\n\n<p><span style=\"text-decoration: underline;\">Pr\u00e9sentation de l&rsquo;association :<\/span> <\/p>\n\n\n\n<p>Vous \u00eates musicien amateur ou confirm\u00e9 ? Vous souhaitez jouer un r\u00e9pertoire vari\u00e9 dans une ambiance conviviale ? <br>Rejoignez la Nouvelle Concorde (pour tout public)<\/p>\n\n\n\n<p class=\"has-vivid-cyan-blue-color has-text-color has-medium-font-size\">Choeur \u00ab\u00a0Les canteraines\u00a0\u00bb<\/p>\n\n\n\n<p><\/p>\n\n\n\n<p><\/p>\n\n\n<div class=\"wp-block-image\">\n<figure class=\"aligncenter size-large is-resized\"><img loading=\"lazy\" decoding=\"async\" src=\"https:\/\/logisel.org\/ville-emmerin\/wordpress\/wp-content\/uploads\/2021\/02\/chorale.jpg\" alt=\"\" class=\"wp-image-332\" style=\"width:193px;height:200px\" width=\"193\" height=\"200\" srcset=\"https:\/\/www.emmerin.fr\/wp-content\/uploads\/2021\/02\/chorale.jpg 338w, https:\/\/www.emmerin.fr\/wp-content\/uploads\/2021\/02\/chorale-290x300.jpg 290w, https:\/\/www.emmerin.fr\/wp-content\/uploads\/2021\/02\/chorale-58x60.jpg 58w\" sizes=\"auto, (max-width: 193px) 100vw, 193px\" \/><\/figure>\n<\/div>\n\n\n<figure class=\"wp-block-table\"><table><tbody><tr><td><\/td><td><br>Monique Vanwormhouth <br>36 rue Ghesqui\u00e8res <br>59320 Emmerin<br><br><\/td><td>&nbsp;<\/td><td>06 88 65 08 25<br><br><\/td><\/tr><\/tbody><\/table><\/figure>\n\n\n\n<p><a href=\"http:\/\/www.canteraines.ville-emmerin.net\/\">http:\/\/www.canteraines.ville-emmerin.net\/<\/a><\/p>\n\n\n\n<p><\/p>\n\n\n\n<p><span style=\"text-decoration: underline;\">Descriptif de l&rsquo;association : <\/span><\/p>\n\n\n\n<p>Les Canteraines sont un coeur mixte de tout \u00e2ge. Le r\u00e9pertoire abord\u00e9 par le choeur est h\u00e9t\u00e9rog\u00e8ne et s&rsquo;appuie aussi bien sur des oeuvres du grand r\u00e9pertoire classique que sur des oeuvres actuelles et de vari\u00e9t\u00e9s. <\/p>\n","protected":false},"excerpt":{"rendered":"<p>Harmonie &nbsp;\u00ab\u00a0La nouvelle concorde\u00a0\u00bb Mme&nbsp;Virginie Degardin 06 33 13 33 66virginie.degardin@yahoo.fr https:\/\/lanouvelleconcorde.jimdofree.com\/qui-sommes-nous\/ https:\/\/www.facebook.com\/orchestre.harmonie.nouvelleconcorde.emmerin Pr\u00e9sentation de l&rsquo;association : Vous \u00eates musicien amateur ou confirm\u00e9 ? Vous souhaitez jouer un r\u00e9pertoire vari\u00e9&hellip;<\/p>\n","protected":false},"author":1,"featured_media":0,"parent":0,"menu_order":0,"comment_status":"closed","ping_status":"closed","template":"","meta":{"footnotes":""},"class_list":["post-234","page","type-page","status-publish","hentry"],"_links":{"self":[{"href":"https:\/\/www.emmerin.fr\/index.php\/wp-json\/wp\/v2\/pages\/234","targetHints":{"allow":["GET"]}}],"collection":[{"href":"https:\/\/www.emmerin.fr\/index.php\/wp-json\/wp\/v2\/pages"}],"about":[{"href":"https:\/\/www.emmerin.fr\/index.php\/wp-json\/wp\/v2\/types\/page"}],"author":[{"embeddable":true,"href":"https:\/\/www.emmerin.fr\/index.php\/wp-json\/wp\/v2\/users\/1"}],"replies":[{"embeddable":true,"href":"https:\/\/www.emmerin.fr\/index.php\/wp-json\/wp\/v2\/comments?post=234"}],"version-history":[{"count":14,"href":"https:\/\/www.emmerin.fr\/index.php\/wp-json\/wp\/v2\/pages\/234\/revisions"}],"predecessor-version":[{"id":3424,"href":"https:\/\/www.emmerin.fr\/index.php\/wp-json\/wp\/v2\/pages\/234\/revisions\/3424"}],"wp:attachment":[{"href":"https:\/\/www.emmerin.fr\/index.php\/wp-json\/wp\/v2\/media?parent=234"}],"curies":[{"name":"wp","href":"https:\/\/api.w.org\/{rel}","templated":true}]}}