{"id":209,"date":"2021-02-22T18:19:59","date_gmt":"2021-02-22T17:19:59","guid":{"rendered":"https:\/\/logisel.org\/ville-emmerin\/wordpress\/?page_id=209"},"modified":"2026-02-08T13:26:30","modified_gmt":"2026-02-08T12:26:30","slug":"sports","status":"publish","type":"page","link":"https:\/\/www.emmerin.fr\/index.php\/sports\/","title":{"rendered":"Sports"},"content":{"rendered":"\n<h2 class=\"wp-block-heading has-text-align-center has-vivid-cyan-blue-color has-text-color has-large-font-size\"><strong>RedCorner Academy : Boxe <\/strong><\/h2>\n\n\n\n<figure class=\"wp-block-image size-full is-resized is-style-default\"><img loading=\"lazy\" decoding=\"async\" width=\"502\" height=\"526\" src=\"https:\/\/www.emmerin.fr\/wp-content\/uploads\/2026\/02\/Red-corner.jpg\" alt=\"\" class=\"wp-image-5073\" style=\"aspect-ratio:0.6658780765033533;width:408px;height:auto\" srcset=\"https:\/\/www.emmerin.fr\/wp-content\/uploads\/2026\/02\/Red-corner.jpg 502w, https:\/\/www.emmerin.fr\/wp-content\/uploads\/2026\/02\/Red-corner-286x300.jpg 286w, https:\/\/www.emmerin.fr\/wp-content\/uploads\/2026\/02\/Red-corner-140x147.jpg 140w\" sizes=\"auto, (max-width: 502px) 100vw, 502px\" \/><\/figure>\n\n\n\n<p>Cours Adulte \u00e0 la salle Henry Lhote : <\/p>\n\n\n\n<p>Lundi et Jeudi \u00e0 partir de 18h30<\/p>\n\n\n\n<p><\/p>\n\n\n\n<p class=\"has-text-align-center has-vivid-cyan-blue-color has-text-color has-large-font-size\">Animation Gymnique Emmerinoise<\/p>\n\n\n\n<figure class=\"wp-block-gallery has-nested-images columns-default is-cropped wp-block-gallery-1 is-layout-flex wp-block-gallery-is-layout-flex\">\n<figure class=\"wp-block-image size-large\"><img loading=\"lazy\" decoding=\"async\" width=\"219\" height=\"230\" data-id=\"3411\" src=\"https:\/\/www.emmerin.fr\/wp-content\/uploads\/2023\/09\/67867DAA-14E7-48C3-BA50-241BE264E378.jpeg\" alt=\"\" class=\"wp-image-3411\" srcset=\"https:\/\/www.emmerin.fr\/wp-content\/uploads\/2023\/09\/67867DAA-14E7-48C3-BA50-241BE264E378.jpeg 219w, https:\/\/www.emmerin.fr\/wp-content\/uploads\/2023\/09\/67867DAA-14E7-48C3-BA50-241BE264E378-57x60.jpeg 57w\" sizes=\"auto, (max-width: 219px) 100vw, 219px\" \/><\/figure>\n<\/figure>\n\n\n\n<figure class=\"wp-block-table is-style-stripes\"><table><tbody><tr><td>C\u00e9line MARESCAUX<\/td><td>07 66 57 88 20<br><br>06 14 01 15 34<\/td><td><\/td><\/tr><\/tbody><\/table><figcaption class=\"wp-element-caption\"><br>agemmerin@gmail.com<br>https:\/\/www.facebook.com\/Animation-Gymnique-Emmerinoise\/<\/figcaption><\/figure>\n\n\n\n<p><\/p>\n\n\n\n<p><\/p>\n\n\n\n<p><\/p>\n\n\n\n<p class=\"has-text-align-center has-vivid-cyan-blue-color has-text-color has-large-font-size\"><strong>Football Club Emmerinois<\/strong><\/p>\n\n\n\n<figure class=\"wp-block-table is-style-stripes\"><table><tbody><tr><td>M Jean-Pierre Lemoine<br>2 Rue L\u00e9on Gambetta<br>59320 Emmerin&nbsp;<br><br>M Maxime Vandewaelle<br>27 Rue d&rsquo;Haubourdin<br>59320 Emmerin<\/td><td>06 19 40 26 67<br><br><br>06 59 06 54 29<\/td><td><\/td><\/tr><\/tbody><\/table><figcaption class=\"wp-element-caption\"><br>fcemmerin59@gmail.com<br>maxlillois@gmailhotmail.fr<\/figcaption><\/figure>\n\n\n\n<p><\/p>\n\n\n\n<p><span style=\"text-decoration: underline;\">Pr\u00e9sentation de l&rsquo;association : <\/span><\/p>\n\n\n\n<p>Apprentissage et pratique loisir et comp\u00e9tition du Football de 5 \u00e0 70 ans. <\/p>\n\n\n\n<p><\/p>\n\n\n\n<p class=\"has-text-align-center has-vivid-cyan-blue-color has-text-color has-large-font-size\"><strong>Club Emmerinois de Tennis<\/strong><\/p>\n\n\n<div class=\"wp-block-image\">\n<figure class=\"aligncenter size-large is-resized\"><img loading=\"lazy\" decoding=\"async\" width=\"150\" height=\"100\" src=\"https:\/\/logisel.org\/ville-emmerin\/wordpress\/wp-content\/uploads\/2021\/02\/logoceft-1.jpg\" alt=\"\" class=\"wp-image-263\" style=\"width:221px;height:146px\" srcset=\"https:\/\/www.emmerin.fr\/wp-content\/uploads\/2021\/02\/logoceft-1.jpg 150w, https:\/\/www.emmerin.fr\/wp-content\/uploads\/2021\/02\/logoceft-1-90x60.jpg 90w\" sizes=\"auto, (max-width: 150px) 100vw, 150px\" \/><\/figure>\n<\/div>\n\n\n<p>Le Club Emmerinois de Tennis c\u2019est plus&nbsp; 240 adh\u00e9rents chaque ann\u00e9e.<\/p>\n\n\n\n<p>Alors, venez nous rejoindre dans un club ou la convivialit\u00e9, la bonne humeur et les animations sont reines.<\/p>\n\n\n\n<p>Nous vous proposons le&nbsp;&nbsp; Tennis Loisirs (jeu libre entre adh\u00e9rents),<\/p>\n\n\n\n<p>&nbsp;&nbsp;&nbsp;&nbsp;&nbsp;&nbsp;&nbsp;&nbsp;&nbsp;&nbsp;&nbsp;&nbsp;&nbsp;&nbsp;&nbsp;&nbsp;&nbsp;&nbsp;&nbsp;&nbsp;&nbsp;&nbsp;&nbsp;&nbsp;&nbsp;&nbsp;&nbsp;&nbsp;&nbsp;&nbsp;&nbsp;&nbsp;&nbsp;&nbsp;&nbsp;&nbsp;&nbsp;&nbsp;&nbsp;&nbsp; Baby tennis (\u00e9veil au tennis pour les 3 \u00e0 5 ans),<\/p>\n\n\n\n<p>&nbsp;&nbsp;&nbsp;&nbsp;&nbsp;&nbsp;&nbsp; &nbsp;&nbsp;&nbsp;&nbsp;&nbsp;&nbsp;&nbsp; &nbsp;&nbsp;&nbsp;&nbsp;&nbsp;&nbsp;&nbsp; &nbsp;&nbsp;               \u00c9cole de tennis (tous \u00e2ges, 150 enfants, 50 adultes),<\/p>\n\n\n\n<p>&nbsp;&nbsp;&nbsp;&nbsp;&nbsp;&nbsp;&nbsp; &nbsp;&nbsp;&nbsp;&nbsp;&nbsp;&nbsp;&nbsp; &nbsp;&nbsp;&nbsp;&nbsp;&nbsp;&nbsp;&nbsp; &nbsp;&nbsp;              Tennis d\u00e9couverte( 4 s\u00e9ances offertes),<\/p>\n\n\n\n<p>&nbsp;&nbsp;&nbsp;&nbsp;&nbsp;&nbsp;&nbsp;&nbsp;&nbsp;&nbsp;&nbsp;&nbsp;&nbsp;&nbsp;&nbsp;&nbsp;&nbsp;&nbsp;&nbsp;&nbsp;&nbsp;&nbsp;&nbsp;&nbsp;&nbsp;&nbsp;&nbsp;&nbsp;&nbsp;&nbsp;&nbsp;&nbsp;&nbsp;&nbsp;&nbsp;&nbsp;&nbsp;&nbsp;&nbsp; Tennis sant\u00e9 (maintien ou remise en forme \u00e0 tout \u00e2ge, personnes en maladie chronique et affection longue dur\u00e9e ALD sur certificat m\u00e9dical).<\/p>\n\n\n\n<p>Tout cela encadr\u00e9 par 3 moniteurs brevet\u00e9s et une \u00e9quipe de dirigeants dynamiques.<\/p>\n\n\n\n<p>Nous mettons \u00e0 disposition&nbsp;:<\/p>\n\n\n\n<p>&nbsp;&nbsp;&nbsp;&nbsp;&nbsp;&nbsp;&nbsp;&nbsp;&nbsp;&nbsp;&nbsp;&nbsp;&nbsp;&nbsp;&nbsp;&nbsp;&nbsp;&nbsp;&nbsp;&nbsp;&nbsp;&nbsp;&nbsp;&nbsp;&nbsp;&nbsp;&nbsp;&nbsp;&nbsp;&nbsp;&nbsp;&nbsp;&nbsp;&nbsp;&nbsp;&nbsp;&nbsp;&nbsp;&nbsp;&nbsp; 2 courts couverts avec Club-house, vestiaires et douches,<\/p>\n\n\n\n<p><\/p>\n\n\n\n<p>&nbsp;&nbsp;&nbsp;&nbsp;&nbsp;&nbsp;&nbsp; &nbsp;&nbsp;&nbsp;&nbsp;&nbsp;&nbsp;&nbsp; &nbsp;&nbsp;&nbsp;&nbsp;&nbsp;&nbsp;&nbsp;&nbsp;&nbsp;&nbsp;&nbsp;&nbsp;&nbsp;&nbsp;       1 syst\u00e8me de r\u00e9servation par Internet pour les 4 courts.<br><\/p>\n\n\n\n<p>Jean-Claude VANELLE<br>Pr\u00e9sident du Club Emmerinois de Tennis<\/p>\n\n\n\n<p><\/p>\n\n\n\n<p>51, rue des Essarts<br>59320 EMMERIN<br>0607893327 ou 0320076577<br><a href=\"mailto:jeanclaude.vanelle@orange.fr\" target=\"_blank\" rel=\"noreferrer noopener\"><u>jeanclaude.vanelle@orange.fr<\/u><\/a><\/p>\n\n\n\n<p class=\"has-text-align-center has-vivid-cyan-blue-color has-text-color has-large-font-size\"><strong>Association Sport pour Tous<\/strong><\/p>\n\n\n\n<p class=\"has-text-align-center\"><\/p>\n\n\n\n<p><span style=\"text-decoration: underline;\">Pr\u00e9sentation de l&rsquo;association :<\/span><\/p>\n\n\n\n<p>Gym douce et dynamique pour tous. <\/p>\n\n\n\n<p>Site internet : www.gym-pour-tous-emmerin.Fr<\/p>\n\n\n\n<p><\/p>\n\n\n\n<p>Pr\u00e9sidente&nbsp; Rose-Marie BEAGUE<\/p>\n\n\n\n<p><a href=\"tel:06 31 93 47 65\" target=\"_blank\" rel=\"noreferrer noopener\">06 31 93 47 65<\/a><\/p>\n\n\n\n<p class=\"has-text-align-center has-vivid-cyan-blue-color has-text-color has-large-font-size\"><\/p>\n\n\n\n<p class=\"has-text-align-center has-vivid-cyan-blue-color has-text-color has-large-font-size\"><strong>Anim&rsquo;Nord<\/strong><\/p>\n\n\n\n<figure class=\"wp-block-table is-style-stripes\"><table><tbody><tr><td>Mme Fr\u00e9d\u00e9rique Ruhant<br>18, rue des Pr\u00e9s<br>59320 Emmerin<\/td><td>03 20 44 98 20<\/td><\/tr><\/tbody><\/table><\/figure>\n\n\n\n<p>marc.ruhant@wanadoo.fr<\/p>\n\n\n\n<p><span style=\"text-decoration: underline;\">Pr\u00e9sentation de l&rsquo;association : <\/span><br><br><strong>Diff\u00e9rentes activit\u00e9s : <\/strong><\/p>\n\n\n\n<ul class=\"wp-block-list\">\n<li>Renforcement musculaire<\/li>\n\n\n\n<li>QI KONG<\/li>\n\n\n\n<li>Gym pour les personnes \u00e2g\u00e9es <\/li>\n\n\n\n<li>YOGA <\/li>\n\n\n\n<li>Baby \u00e9veil (de 3 \u00e0 10) <\/li>\n<\/ul>\n\n\n\n<p><\/p>\n\n\n\n<p class=\"has-text-align-center has-vivid-cyan-blue-color has-text-color has-large-font-size\"><strong>Judo Club Emmerin<\/strong><\/p>\n\n\n<div class=\"wp-block-image is-style-default\">\n<figure class=\"aligncenter size-large is-resized\"><img loading=\"lazy\" decoding=\"async\" width=\"643\" height=\"724\" src=\"https:\/\/logisel.org\/ville-emmerin\/wordpress\/wp-content\/uploads\/2021\/02\/affiliation-judo-1.jpg\" alt=\"\" class=\"wp-image-264\" style=\"width:89px;height:100px\" srcset=\"https:\/\/www.emmerin.fr\/wp-content\/uploads\/2021\/02\/affiliation-judo-1.jpg 643w, https:\/\/www.emmerin.fr\/wp-content\/uploads\/2021\/02\/affiliation-judo-1-266x300.jpg 266w, https:\/\/www.emmerin.fr\/wp-content\/uploads\/2021\/02\/affiliation-judo-1-53x60.jpg 53w\" sizes=\"auto, (max-width: 643px) 100vw, 643px\" \/><\/figure>\n<\/div>\n\n\n<figure class=\"wp-block-table is-style-stripes\"><table class=\"has-background\" style=\"background-color:#f3f4f5\"><tbody><tr><td>M Serge Keller<br>06 63 73 63 37<br>M Ludovic Talleu <br>06 15 61 15 29<br><\/td><td><br><br><br><br><\/td><\/tr><\/tbody><\/table><figcaption class=\"wp-element-caption\"><br>&nbsp;<strong><a rel=\"noreferrer noopener\" href=\"https:\/\/fr-fr.facebook.com\/judoemmerin\/\" target=\"_blank\">https:\/\/fr-fr.facebook.com\/judoemmerin\/<\/a><\/strong><br><a rel=\"noreferrer noopener\" href=\"http:\/\/www.judo-emmerin.fr\/\" target=\"_blank\">http:\/\/www.judo-emmerin.fr\/<\/a><\/figcaption><\/figure>\n\n\n\n<p><\/p>\n\n\n\n<p>Pr\u00e9sentation de l&rsquo;association : <\/p>\n\n\n\n<p>Apprentissage et pratique loisir du Judo et cours de Taiso.<\/p>\n\n\n\n<p><\/p>\n\n\n\n<p class=\"has-text-align-center has-vivid-cyan-blue-color has-text-color has-large-font-size\"><strong>U.S.E. (Basket)<\/strong><\/p>\n\n\n<div class=\"wp-block-image\">\n<figure class=\"aligncenter size-full is-resized\"><img loading=\"lazy\" decoding=\"async\" width=\"524\" height=\"524\" src=\"https:\/\/www.emmerin.fr\/wp-content\/uploads\/2023\/01\/logo-basket.png\" alt=\"\" class=\"wp-image-3041\" style=\"width:214px;height:214px\" srcset=\"https:\/\/www.emmerin.fr\/wp-content\/uploads\/2023\/01\/logo-basket.png 524w, https:\/\/www.emmerin.fr\/wp-content\/uploads\/2023\/01\/logo-basket-300x300.png 300w, https:\/\/www.emmerin.fr\/wp-content\/uploads\/2023\/01\/logo-basket-150x150.png 150w, https:\/\/www.emmerin.fr\/wp-content\/uploads\/2023\/01\/logo-basket-60x60.png 60w\" sizes=\"auto, (max-width: 524px) 100vw, 524px\" \/><\/figure>\n<\/div>\n\n\n<figure class=\"wp-block-table is-style-stripes\"><table><tbody><tr><td><\/td><td><\/td><\/tr><\/tbody><\/table><\/figure>\n\n\n\n<p class=\"has-text-align-center\">Mail : use.emmerin@gmail.com<\/p>\n\n\n\n<p>T\u00e9l\u00e9phone : <\/p>\n\n\n\n<p>Jonathan Dycke : 06 77 91 06 52<\/p>\n\n\n\n<p>Guillaume Gagno : 06 22 32 41 97<\/p>\n\n\n\n<p><\/p>\n\n\n\n<p><span style=\"text-decoration: underline;\">Descriptif de l&rsquo;association :<\/span> Apprentissage et pratique loisir du basket pour les adolescents et les adultes de tout niveau. \u00c9quipe homme femme mixte. <\/p>\n\n\n\n<p><\/p>\n\n\n\n<figure class=\"wp-block-table is-style-stripes\"><table><tbody><tr><td><\/td><td><\/td><\/tr><\/tbody><\/table><\/figure>\n\n\n\n<p class=\"has-text-align-center has-vivid-cyan-blue-color has-text-color has-large-font-size\"><strong>Rio Grande 59<\/strong><\/p>\n\n\n<div class=\"wp-block-image is-style-default\">\n<figure class=\"aligncenter size-large is-resized\"><img loading=\"lazy\" decoding=\"async\" width=\"120\" height=\"120\" src=\"https:\/\/logisel.org\/ville-emmerin\/wordpress\/wp-content\/uploads\/2021\/02\/rio-grande-1.jpg\" alt=\"\" class=\"wp-image-267\" style=\"width:150px;height:150px\" srcset=\"https:\/\/www.emmerin.fr\/wp-content\/uploads\/2021\/02\/rio-grande-1.jpg 120w, https:\/\/www.emmerin.fr\/wp-content\/uploads\/2021\/02\/rio-grande-1-60x60.jpg 60w\" sizes=\"auto, (max-width: 120px) 100vw, 120px\" \/><\/figure>\n<\/div>\n\n\n<figure class=\"wp-block-table is-style-stripes\"><table><tbody><tr><td>M St\u00e9phane Valenduc<br>25 Rue Gustave Delory<br>59320 Emmerin<\/td><td><br>06 43 84 65 78<\/td><\/tr><\/tbody><\/table><\/figure>\n\n\n\n<p class=\"has-text-align-center\"><br><br><a href=\"https:\/\/rio-grande-59-emmerin.fr\/\" data-type=\"URL\" data-id=\"https:\/\/rio-grande-59-emmerin.fr\/\">https:\/\/rio-grande-59-emmerin.fr\/<\/a><br><\/p>\n\n\n\n<p><span style=\"text-decoration: underline;\">Pr\u00e9sentation de l&rsquo;association : <\/span><\/p>\n\n\n\n<p>Pratique de la country avec plaisir, convivialit\u00e9 et bonne humeur de 7 \u00e0 77 ans. <\/p>\n\n\n\n<p>(Country : Irlandaise, catalane, novelty et couple) <\/p>\n\n\n\n<p><\/p>\n\n\n\n<h2 class=\"wp-block-heading has-text-align-center has-vivid-cyan-blue-color has-text-color has-large-font-size\">CLUB BADMINTON D&rsquo;EMMERIN (C.B.E)<\/h2>\n\n\n\n<p><\/p>\n\n\n\n<figure class=\"wp-block-table is-style-stripes\"><table><tbody><tr><td>Mme Karine DUMONT<br><br>59320 Emmerin <\/td><td>06 21 07 73 27<br><br>Mail : contact@badminton-emmerin.fr<\/td><\/tr><\/tbody><\/table><\/figure>\n\n\n\n<p>Site internet : badminton-emmerin.fr<\/p>\n\n\n\n<p>Facebook : <a href=\"https:\/\/www.facebook.com\/contact.bad.emmerin\">https:\/\/www.facebook.com\/contact.bad.emmerin<\/a><\/p>\n\n\n\n<p><span style=\"text-decoration: underline;\">Descriptif de l&rsquo;association :<\/span> Apprentissage et pratique loisir du badminton \u00e0 partir de 5 ans. <\/p>\n","protected":false},"excerpt":{"rendered":"<p>RedCorner Academy : Boxe Cours Adulte \u00e0 la salle Henry Lhote : Lundi et Jeudi \u00e0 partir de 18h30 Animation Gymnique Emmerinoise C\u00e9line MARESCAUX 07 66 57 88 20 06&hellip;<\/p>\n","protected":false},"author":1,"featured_media":0,"parent":0,"menu_order":0,"comment_status":"closed","ping_status":"closed","template":"","meta":{"footnotes":""},"class_list":["post-209","page","type-page","status-publish","hentry"],"_links":{"self":[{"href":"https:\/\/www.emmerin.fr\/index.php\/wp-json\/wp\/v2\/pages\/209","targetHints":{"allow":["GET"]}}],"collection":[{"href":"https:\/\/www.emmerin.fr\/index.php\/wp-json\/wp\/v2\/pages"}],"about":[{"href":"https:\/\/www.emmerin.fr\/index.php\/wp-json\/wp\/v2\/types\/page"}],"author":[{"embeddable":true,"href":"https:\/\/www.emmerin.fr\/index.php\/wp-json\/wp\/v2\/users\/1"}],"replies":[{"embeddable":true,"href":"https:\/\/www.emmerin.fr\/index.php\/wp-json\/wp\/v2\/comments?post=209"}],"version-history":[{"count":57,"href":"https:\/\/www.emmerin.fr\/index.php\/wp-json\/wp\/v2\/pages\/209\/revisions"}],"predecessor-version":[{"id":5074,"href":"https:\/\/www.emmerin.fr\/index.php\/wp-json\/wp\/v2\/pages\/209\/revisions\/5074"}],"wp:attachment":[{"href":"https:\/\/www.emmerin.fr\/index.php\/wp-json\/wp\/v2\/media?parent=209"}],"curies":[{"name":"wp","href":"https:\/\/api.w.org\/{rel}","templated":true}]}}