{"id":167,"date":"2021-02-19T13:00:53","date_gmt":"2021-02-19T12:00:53","guid":{"rendered":"https:\/\/logisel.org\/ville-emmerin\/wordpress\/?page_id=167"},"modified":"2026-04-18T11:25:07","modified_gmt":"2026-04-18T09:25:07","slug":"restaurant-scolaire","status":"publish","type":"page","link":"https:\/\/www.emmerin.fr\/index.php\/restaurant-scolaire\/","title":{"rendered":"Restaurant scolaire"},"content":{"rendered":"\n<p><\/p>\n\n\n\n<p>En p\u00e9riode scolaire la cantine est ouverte les lundi, mardi, jeudi et vendredi.<\/p>\n\n\n\n<p>Les nouveaux tarifs ont \u00e9t\u00e9 adopt\u00e9 par le conseil municipal et seront applicables d\u00e8s la rentr\u00e9e 2021.&nbsp;<br><strong><span class=\"has-inline-color has-vivid-cyan-blue-color\">Une nouveaut\u00e9 : la cantine \u00e0 1 \u20ac ( pour les tranches de revenu A, B et C )<\/span><\/strong><\/p>\n\n\n\n<p><strong>La restauration scolaire<\/strong><\/p>\n\n\n\n<p>&nbsp;Ce sont 17 agents qui, chaque jour pendant l\u2019\u00e9cole et les centres de loisirs, accueillent environ 230\/250 enfants pour leur proposer un repas \u00e9quilibr\u00e9 et vari\u00e9. Ces repas sont livr\u00e9s le matin, en liaison froide, par la soci\u00e9t\u00e9 DUPONT RESTAURATION qui r\u00e9pond aux normes HACCP (&nbsp;(Hazard Analysis Critical Control Point : normes en mati\u00e8re d&rsquo;hygi\u00e8ne et de s\u00e9curit\u00e9 des aliments).&nbsp; Les menus sont con\u00e7us avec l\u2019aide d\u2019une di\u00e9t\u00e9ticienne.<br><br>A partir de 11H30 et jusqu\u2019\u00e0 13H, l\u2019\u00e9quipe de la restauration scolaire&nbsp;prend en charge le service \u00e0 table organis\u00e9 en 2 services.&nbsp;Ce sera souvent pour les membres de cette \u00e9quipe&nbsp;l\u2019occasion de faire d\u00e9couvrir aux enfants de nouveaux plats tout en les sensibilisant \u00e0 l\u2019int\u00e9r\u00eat de prendre un repas complet et diversifi\u00e9 pour leur permettre de poursuivre leur journ\u00e9e scolaire dans les meilleures conditions.<\/p>\n\n\n\n<p>&nbsp; &nbsp;<\/p>\n\n\n\n<h2 class=\"wp-block-heading\">Tarifs<\/h2>\n\n\n\n<p>Cliquez ci-dessous pour t\u00e9l\u00e9charger les tarifs  applicables d\u00e8s la prochaine rentr\u00e9e.<\/p>\n\n\n\n<div class=\"wp-block-file\"><a id=\"wp-block-file--media-56df6592-c951-41f6-882c-8623c02365d7\" href=\"https:\/\/www.emmerin.fr\/wp-content\/uploads\/2026\/04\/DELIB-2025_28-correctif-tarifs-PERI-EXTRA-scolaire.pdf\">TARIFS PERI ET EXTRASCOLAIRE<\/a><\/div>\n\n\n\n<h2 class=\"wp-block-heading has-vivid-cyan-blue-color has-text-color\">Menus<\/h2>\n\n\n\n<div class=\"wp-block-file\"><a id=\"wp-block-file--media-c3ed3436-0782-4ff8-a338-5a62c34c488e\" href=\"https:\/\/www.emmerin.fr\/wp-content\/uploads\/2026\/04\/Mairie-dEmmerin-15.pdf\">Menus du 27\/4 au 3\/7 2026 <\/a><a href=\"https:\/\/www.emmerin.fr\/wp-content\/uploads\/2026\/04\/Mairie-dEmmerin-15.pdf\" class=\"wp-block-file__button wp-element-button\" download aria-describedby=\"wp-block-file--media-c3ed3436-0782-4ff8-a338-5a62c34c488e\">T\u00e9l\u00e9charger<\/a><\/div>\n\n\n\n<div class=\"wp-block-file\"><a id=\"wp-block-file--media-ec38e453-1472-4297-a878-f6a4563178a2\" href=\"https:\/\/www.emmerin.fr\/wp-content\/uploads\/2026\/04\/Mairie-dEmmerin-CA-Printemps-1.pdf\">MENU ALSH AVRIL 2026<\/a><a href=\"https:\/\/www.emmerin.fr\/wp-content\/uploads\/2026\/04\/Mairie-dEmmerin-CA-Printemps-1.pdf\" class=\"wp-block-file__button wp-element-button\" download aria-describedby=\"wp-block-file--media-ec38e453-1472-4297-a878-f6a4563178a2\">T\u00e9l\u00e9charger<\/a><\/div>\n\n\n\n<p><\/p>\n","protected":false},"excerpt":{"rendered":"<p>En p\u00e9riode scolaire la cantine est ouverte les lundi, mardi, jeudi et vendredi. Les nouveaux tarifs ont \u00e9t\u00e9 adopt\u00e9 par le conseil municipal et seront applicables d\u00e8s la rentr\u00e9e 2021.&nbsp;Une&hellip;<\/p>\n","protected":false},"author":1,"featured_media":0,"parent":0,"menu_order":0,"comment_status":"closed","ping_status":"closed","template":"","meta":{"footnotes":""},"class_list":["post-167","page","type-page","status-publish","hentry"],"_links":{"self":[{"href":"https:\/\/www.emmerin.fr\/index.php\/wp-json\/wp\/v2\/pages\/167","targetHints":{"allow":["GET"]}}],"collection":[{"href":"https:\/\/www.emmerin.fr\/index.php\/wp-json\/wp\/v2\/pages"}],"about":[{"href":"https:\/\/www.emmerin.fr\/index.php\/wp-json\/wp\/v2\/types\/page"}],"author":[{"embeddable":true,"href":"https:\/\/www.emmerin.fr\/index.php\/wp-json\/wp\/v2\/users\/1"}],"replies":[{"embeddable":true,"href":"https:\/\/www.emmerin.fr\/index.php\/wp-json\/wp\/v2\/comments?post=167"}],"version-history":[{"count":78,"href":"https:\/\/www.emmerin.fr\/index.php\/wp-json\/wp\/v2\/pages\/167\/revisions"}],"predecessor-version":[{"id":5220,"href":"https:\/\/www.emmerin.fr\/index.php\/wp-json\/wp\/v2\/pages\/167\/revisions\/5220"}],"wp:attachment":[{"href":"https:\/\/www.emmerin.fr\/index.php\/wp-json\/wp\/v2\/media?parent=167"}],"curies":[{"name":"wp","href":"https:\/\/api.w.org\/{rel}","templated":true}]}}

<p></p>



<p>En période scolaire la cantine est ouverte les lundi, mardi, jeudi et vendredi.</p>



<p>Les nouveaux tarifs ont été adopté par le conseil municipal et seront applicables dès la rentrée 2021.&nbsp;<br><strong><span class="has-inline-color has-vivid-cyan-blue-color">Une nouveauté : la cantine à 1 € ( pour les tranches de revenu A, B et C )</span></strong></p>



<p><strong>La restauration scolaire</strong></p>



<p>&nbsp;Ce sont 17 agents qui, chaque jour pendant l’école et les centres de loisirs, accueillent environ 230/250 enfants pour leur proposer un repas équilibré et varié. Ces repas sont livrés le matin, en liaison froide, par la société DUPONT RESTAURATION qui répond aux normes HACCP (&nbsp;(Hazard Analysis Critical Control Point : normes en matière d&rsquo;hygiène et de sécurité des aliments).&nbsp; Les menus sont conçus avec l’aide d’une diététicienne.<br><br>A partir de 11H30 et jusqu’à 13H, l’équipe de la restauration scolaire&nbsp;prend en charge le service à table organisé en 2 services.&nbsp;Ce sera souvent pour les membres de cette équipe&nbsp;l’occasion de faire découvrir aux enfants de nouveaux plats tout en les sensibilisant à l’intérêt de prendre un repas complet et diversifié pour leur permettre de poursuivre leur journée scolaire dans les meilleures conditions.</p>



<p>&nbsp; &nbsp;</p>



<h2 class="wp-block-heading">Tarifs</h2>



<p>Cliquez ci-dessous pour télécharger les tarifs  applicables dès la prochaine rentrée.</p>



<div class="wp-block-file"><a id="wp-block-file--media-56df6592-c951-41f6-882c-8623c02365d7" href="https://www.emmerin.fr/wp-content/uploads/2026/04/DELIB-2025_28-correctif-tarifs-PERI-EXTRA-scolaire.pdf">TARIFS PERI ET EXTRASCOLAIRE</a></div>



<h2 class="wp-block-heading has-vivid-cyan-blue-color has-text-color">Menus</h2>



<div class="wp-block-file"><a id="wp-block-file--media-c3ed3436-0782-4ff8-a338-5a62c34c488e" href="https://www.emmerin.fr/wp-content/uploads/2026/04/Mairie-dEmmerin-15.pdf">Menus du 27/4 au 3/7 2026 </a><a href="https://www.emmerin.fr/wp-content/uploads/2026/04/Mairie-dEmmerin-15.pdf" class="wp-block-file__button wp-element-button" download aria-describedby="wp-block-file--media-c3ed3436-0782-4ff8-a338-5a62c34c488e">Télécharger</a></div>



<div class="wp-block-file"><a id="wp-block-file--media-ec38e453-1472-4297-a878-f6a4563178a2" href="https://www.emmerin.fr/wp-content/uploads/2026/04/Mairie-dEmmerin-CA-Printemps-1.pdf">MENU ALSH AVRIL 2026</a><a href="https://www.emmerin.fr/wp-content/uploads/2026/04/Mairie-dEmmerin-CA-Printemps-1.pdf" class="wp-block-file__button wp-element-button" download aria-describedby="wp-block-file--media-ec38e453-1472-4297-a878-f6a4563178a2">Télécharger</a></div>



<p></p>

<p>En période scolaire la cantine est ouverte les lundi, mardi, jeudi et vendredi. Les nouveaux tarifs ont été adopté par le conseil municipal et seront applicables dès la rentrée 2021.&nbsp;Une&hellip;</p>
