{"id":1125,"date":"2021-08-24T09:36:30","date_gmt":"2021-08-24T07:36:30","guid":{"rendered":"https:\/\/www.emmerin.fr\/?page_id=1125"},"modified":"2025-07-08T15:22:25","modified_gmt":"2025-07-08T13:22:25","slug":"politique-des-cookies","status":"publish","type":"page","link":"https:\/\/www.emmerin.fr\/index.php\/politique-des-cookies\/","title":{"rendered":"Politique des Cookies"},"content":{"rendered":"<div class=\"cli_pg_page_contaner\">\n<h3>Politique des cookies<\/h3>\n<div>Cette politique en mati\u00e8re de cookies explique ce que sont les cookies et comment nous les utilisons, les types de cookies que nous utilisons, c&rsquo;est-\u00e0-dire les informations que nous collectons \u00e0 l&rsquo;aide de cookies et comment ces informations sont utilis\u00e9es, et comment contr\u00f4ler les pr\u00e9f\u00e9rences en mati\u00e8re de cookies. Pour plus d&rsquo;informations sur la fa\u00e7on dont nous utilisons, stockons et prot\u00e9geons vos donn\u00e9es personnelles, <a href=\"https:\/\/www.emmerin.fr\/index.php\/politique-de-confidentialite\/?preview=true\">consultez notre Politique de confidentialit\u00e9<\/a>.<strong style=\"font-size: revert; color: initial;\">\u00a0<\/strong><strong><em>Modalit\u00e9s relatives \u00e0 l\u2019utilisation de cookies et traceurs<\/em><\/strong>Ce site utilise des cookies et traceurs n\u00e9cessaires \u00e0 son bon fonctionnement qui ne peuvent pas \u00eatre d\u00e9sactiv\u00e9s (fonctionnement du site, du serveur et mesure d\u2019audience). Ces donn\u00e9es de cookies n\u00e9cessaires et de pr\u00e9f\u00e9rence ne sont pas transmises \u00e0 un tiers.<\/p>\n<p>Certaines fonctionnalit\u00e9s de ce site reposent sur l\u2019usage de cookies n\u00e9cessitant votre consentement. Le site Emmerin.fr utilise des cookies et traceurs pour am\u00e9liorer votre exp\u00e9rience d\u2019utilisation, notamment pour vous fournir des services via des contenus anim\u00e9s et interactifs de r\u00e9seaux sociaux et vid\u00e9os. Ces cookies ne sont d\u00e9pos\u00e9s qu&rsquo;avec votre accord. Si vous donnez votre consentement, ces cookies seront d\u00e9pos\u00e9s pour permettre de visualiser directement sur les sites web du contenu h\u00e9berg\u00e9 par des tiers. Ces cookies provenant de tiers collecteront et utiliseront vos donn\u00e9es de navigation pour des finalit\u00e9s qui leur sont propres.<\/p>\n<p>Le <u>bandeau de cookies<\/u>\u00a0(<strong>Accessible en bas \u00e0 droite intitul\u00e9 \u00ab\u00a0Consentement\u00a0\u00bb<\/strong>) vous permet de donner ou retirer votre consentement \u00e0 tout moment, soit globalement (en cliquant sur le bouton \u00ab\u00a0Tout Accepter\u00a0\u00bb ou \u00ab\u00a0Tout Refuser\u00a0\u00bb), soit pour chaque cookie et sa finalit\u00e9. Nous conservons votre choix pendant <strong>6 mois<\/strong>.<\/p>\n<p>Pour en savoir plus sur le traitement des donn\u00e9es personnelles par la ville d\u2019Emmerin, vous pouvez consulter notre <u><a href=\"https:\/\/www.emmerin.fr\/index.php\/politique-de-confidentialite\/\">politique de protection des donn\u00e9es \u00e0 caract\u00e8re personnel<\/a>. <\/u><\/p>\n<p><strong>Qu\u2019est-ce qu\u2019un cookie ?<\/strong><\/p>\n<p>Un \u00ab\u00a0cookie\u00a0\u00bb est une suite d&rsquo;informations, g\u00e9n\u00e9ralement de petite taille et identifi\u00e9 par un nom, qui peut \u00eatre transmis \u00e0 votre navigateur par un site web sur lequel vous vous connectez. Votre navigateur web le conservera pendant une certaine dur\u00e9e, et le renverra au serveur web chaque fois que vous vous y reconnecterez. Les cookies ont de multiples usages : ils peuvent servir \u00e0 m\u00e9moriser votre connexion, votre langue, la taille \u00e9cran, les pr\u00e9f\u00e9rences d&rsquo;affichage en g\u00e9n\u00e9ral et en particulier, votre identifiant client aupr\u00e8s d&rsquo;un site marchand, un identifiant permettant de tracer votre navigation pour des finalit\u00e9s statistiques ou publicitaires, etc.<\/p>\n<p>Pour en savoir plus sur les cookies et leur fonctionnement\u00a0: <a href=\"https:\/\/www.cnil.fr\/fr\/cookies-les-outils-pour-les-maitriser\">https:\/\/www.cnil.fr\/fr\/cookies-les-outils-pour-les-maitriser<\/a><\/p>\n<p><strong>Liste des cookies susceptibles d&rsquo;\u00eatre d\u00e9pos\u00e9s par ce site<\/strong><\/p>\n<p>Ce site utilise principalement 4 types de cookies :<\/p>\n<ul>\n<li><strong>Cookies n\u00e9cessaires <\/strong>issus directement du site qui permettent son bon fonctionnement (connections \u00e0 l&rsquo;extranet et \u00e0 l&rsquo;administration du site \/ stockage de votre consentement \/ cookie de persistance des sessions). Vous ne pouvez pas d\u00e9sactiver ces cookies.<\/li>\n<li><strong>Cookies de pr\u00e9f\u00e9rences<\/strong> : sont les cookies qui permettent de m\u00e9moriser vos choix de navigation (filtrage de listes, d\u00e9tection de votre appareil pour nous permettre d&rsquo;adapter le site \u00e0 votre \u00e9cran, etc..). Vous ne pouvez pas d\u00e9sactiver ces cookies.<\/li>\n<li><strong>Cookies de mesure d&rsquo;audience<\/strong> d\u00e9pos\u00e9s par un service qui anonymise les donn\u00e9es et qui est donc exempt\u00e9 du consentement actif des visiteurs.<\/li>\n<\/ul>\n<p><strong>\u00a0<\/strong><\/p>\n<ul>\n<li><strong>Cookies des services tiers<\/strong> qui permettent le fonctionnement de services externes. Le tiers collectera et utilisera \u00e9galement vos donn\u00e9es de navigation pour son propre compte afin de cibler de la publicit\u00e9 et contenus en fonction de votre historique de navigation. Pour plus d\u2019information, nous vous encourageons \u00e0 consulter chacune de leurs politiques de confidentialit\u00e9.<\/li>\n<\/ul>\n<p>Le bandeau de cookies\u00a0(<strong><u>Accessible en bas \u00e0 droite intitul\u00e9 Consentement<\/u><\/strong><u>)<\/u> vous permet de donner ou retirer votre consentement \u00e0 tout moment, soit globalement (en cliquant sur le bouton \u00ab\u00a0Tout Accepter\u00a0\u00bb ou \u00ab\u00a0Tout Refuser\u00a0\u00bb), soit pour chaque cookie et sa finalit\u00e9. Nous conservons votre choix pendant <strong>6 mois<\/strong>.<\/p>\n<p><strong>D\u00e9sactivation\/activation de cookies par le biais de votre navigateur<\/strong><\/p>\n<p>Il existe un certain nombre de moyens par lesquels vous pouvez g\u00e9rer les cookies et autres technologies de suivi. Vous pouvez accepter ou refuser des cookies en modifiant les param\u00e8tres de votre navigateur, ou faire en sorte que votre navigateur vous demande confirmation avant d\u2019accepter un cookie de la part des sites Web que vous visitez. Sachez que, si vous choisissez de d\u00e9sactiver compl\u00e8tement les cookies, il se peut que vous ne puissiez pas utiliser toutes nos fonctionnalit\u00e9s.<\/p>\n<p>Si vous utilisez plusieurs ordinateurs \u00e0 des emplacements diff\u00e9rents, vous devrez vous assurer que chacun des navigateurs est r\u00e9gl\u00e9 pour convenir \u00e0 vos pr\u00e9f\u00e9rences.<\/p>\n<p>Vous pouvez supprimer tous les cookies qui ont \u00e9t\u00e9 install\u00e9s dans le dossier des cookies de votre navigateur. Chaque navigateur propose des proc\u00e9dures diff\u00e9rentes pour g\u00e9rer vos param\u00e8tres. Cliquez sur l\u2019un des liens de navigateurs ci-dessous pour consulter leurs consignes.<\/p>\n<ul>\n<li><a href=\"http:\/\/windows.microsoft.com\/en-us\/windows-vista\/block-or-allow-cookies\">Microsoft Internet Explorer<\/a><\/li>\n<li><a href=\"https:\/\/support.google.com\/chrome\/answer\/95647?hl=fr&amp;p=cpn_cookies\">Google Chrome<\/a><\/li>\n<li><a href=\"https:\/\/support.mozilla.org\/fr\/kb\/activer-desactiver-cookies\">Mozilla Firefox<\/a><\/li>\n<li><a href=\"http:\/\/support.apple.com\/kb\/ph11913\">Apple Safari<\/a><\/li>\n<\/ul>\n<p>Si vous n\u2019utilisez aucun des navigateurs cit\u00e9s ci-dessus, vous devrez s\u00e9lectionner l\u2019option \u00ab cookies \u00bb dans la fonction \u00ab Aide \u00bb pour obtenir des informations concernant l\u2019emplacement de votre dossier de cookies.<\/p>\n<p>Vous pouvez \u00e0 tout moment modifier ou retirer votre consentement de la d\u00e9claration relative aux cookies sur notre site Web<\/p>\n<p>Votre consentement s&rsquo;applique sur le domaine: www.emmerin.fr<br \/>\n<div class=\"cli_user_consent_state\">Votre \u00e9tat actuel\u00a0: Aucun consentement donn\u00e9. <a class=\"cli_manage_current_consent\" style=\"cursor:pointer;text-decoration:underline;\">G\u00e9rez votre consentement.<\/a> <\/div><\/p>\n<\/div>\n<h3>Cookies ?<\/h3>\n<div>Les cookies sont de petits fichiers texte qui sont utilis\u00e9s pour stocker de petites informations. Ils sont stock\u00e9s sur votre appareil lorsque le site Web est charg\u00e9 sur votre navigateur. Ces cookies nous aident \u00e0 faire fonctionner correctement le site Web, \u00e0 le rendre plus s\u00fbr, \u00e0 offrir une meilleure exp\u00e9rience utilisateur, \u00e0 comprendre comment le site Web fonctionne et \u00e0 analyser ce qui fonctionne et o\u00f9 il doit \u00eatre am\u00e9lior\u00e9.<\/div>\n<h3>Comment utilisons-nous les cookies ?<\/h3>\n<div>Comme la plupart des services en ligne, notre site Web utilise des cookies propri\u00e9taires et tiers \u00e0 plusieurs fins. Les cookies internes sont principalement n\u00e9cessaires au bon fonctionnement du site Web et ils ne collectent aucune de vos donn\u00e9es personnellement identifiables.<br \/>\nLes cookies tiers utilis\u00e9s sur notre site Web servent principalement \u00e0 comprendre le fonctionnement du site Web, la fa\u00e7on dont vous interagissez avec notre site Web, la s\u00e9curit\u00e9 de nos services, la fourniture de publicit\u00e9s pertinentes pour vous et, dans l&rsquo;ensemble, un meilleur utilisateur. exp\u00e9rience et aider \u00e0 acc\u00e9l\u00e9rer vos futures interactions avec notre site Web.<\/div>\n<h3>Quels types de cookies utilisons-nous ?<\/h3>\n<div>Essentiel : Certains cookies sont essentiels pour que vous puissiez profiter de toutes les fonctionnalit\u00e9s de notre site. Ils nous permettent de pr\u00e9venir toute menace de s\u00e9curit\u00e9. Ils ne collectent ni ne stockent aucune information personnelle.Statistiques : ces cookies stockent des informations telles que le nombre de visiteurs sur le site Web, le nombre de visiteurs uniques, les pages du site Web qui ont \u00e9t\u00e9 visit\u00e9es, la source de la visite, etc. Ces donn\u00e9es nous aident \u00e0 comprendre et \u00e0 analyser les performances du site Web et o\u00f9 il a besoin d&rsquo;\u00eatre am\u00e9lior\u00e9.Fonctionnel : Il s&rsquo;agit des cookies qui aident certaines fonctionnalit\u00e9s non essentielles de notre site Web. Ces fonctionnalit\u00e9s incluent l&rsquo;int\u00e9gration de contenu comme des vid\u00e9os ou le partage de contenu du site Web sur les plateformes de m\u00e9dias sociaux.<\/p>\n<\/div>\n<h3>Comment puis-je contr\u00f4ler les pr\u00e9f\u00e9rences en mati\u00e8re de cookies ?<\/h3>\n<div>Si vous d\u00e9cidez de modifier vos pr\u00e9f\u00e9rences ult\u00e9rieurement au cours de votre session de navigation, vous pouvez cliquer sur l&rsquo;onglet \u00ab\u00a0Consentement\u00a0\u00bb sur votre \u00e9cran. Cela affichera \u00e0 nouveau l&rsquo;avis de consentement vous permettant de modifier vos pr\u00e9f\u00e9rences ou de retirer compl\u00e8tement votre consentement.<br \/>\nEn plus de cela, diff\u00e9rents navigateurs proposent diff\u00e9rentes m\u00e9thodes pour bloquer et supprimer les cookies utilis\u00e9s par les sites Web. Vous pouvez modifier les param\u00e8tres de votre navigateur pour bloquer\/supprimer les cookies. Pour en savoir plus sur la gestion et la suppression des cookies, visitez wikipedia.org, www.allaboutcookies.org.<\/div>\n<\/div>\n<div>\n<h3>Identification<\/h3>\n<p>Le pr\u00e9sent site est la propri\u00e9t\u00e9 de la mairie d&rsquo;Emmerin.<\/p>\n<p>Par courriel: contact @ ville-emmerin.fr<br \/>\n\u200bPar t\u00e9l\u00e9phone: 03 20 07 17 60<br \/>\nAdresse: 1 Rue des Fusill\u00e9s, 59320 Emmerin<\/p>\n<h3>H\u00e9bergement<\/h3>\n<p>OVH<br \/>\n2, rue Kellermann, 59100 Roubaix<\/p>\n<h3>Contenu et informations<\/h3>\n<p>Le site emmerin.fr de la mairie d&rsquo;Emmerin met \u00e0 disposition un informatif \u00e0 partir de textes et d\u2019\u00e9l\u00e9ments transmis par les prestataires concern\u00e9s. La responsabilit\u00e9 de la mairie d&rsquo;Emmerin ne saurait \u00eatre engag\u00e9e en raison de l\u2019inexactitude, des erreurs ou de l\u2019omission des informations diffus\u00e9es sur son site. Les tarifs sont donn\u00e9s \u00e0 titre indicatif et ne sont pas contractuels.<\/p>\n<p>La mairie d&rsquo;Emmerin se r\u00e9serve le droit, \u00e0 sa seule discr\u00e9tion et sans obligation, de supprimer, d\u2019am\u00e9liorer ou de corriger tout ou partie de ses services ou des \u00e9l\u00e9ments figurants sur son site.<\/p>\n<h3>Droits d\u2019auteurs<\/h3>\n<p>La reproduction, l\u2019utilisation, l\u2019exploitation des photographies, des images, des cartes, des textes, des extractions de base de donn\u00e9es, des \u00e9l\u00e9ments de conception graphique et en r\u00e8gle g\u00e9n\u00e9rale de tous les \u00e9l\u00e9ments de publication du site sont interdites sans accord pr\u00e9alable de leurs auteurs. Le non-respect de cette interdiction constitue une contrefa\u00e7on pouvant engager la responsabilit\u00e9 civile et p\u00e9nale du contrefacteur.<\/p>\n<h3>Liens internet<\/h3>\n<p>Il n\u2019est pas n\u00e9cessaire d\u2019effectuer une demande pr\u00e9alable pour mettre en place un lien hypertexte pointant vers emmerin.fr.<br \/>\nIl est toutefois pr\u00e9cis\u00e9 que cette libert\u00e9 s\u2019inscrit dans les recommandations et usages de l\u2019internet et en particulier :<\/p>\n<p>N\u2019inclut pas le droit \u00e0 la reproduction du contenu pour fabriquer ce lien.<br \/>\nN\u2019est pas accord\u00e9e aux supports diffusant des informations \u00e0 caract\u00e8re pol\u00e9mique, pornographique, x\u00e9nophobe ou pouvant, dans une plus large mesure porter atteinte \u00e0 la sensibilit\u00e9 du plus grand nombre.<br \/>\nN\u2019est pas accord\u00e9e aux sites int\u00e9grant les pages du site emmerin.fr \u00e0 l\u2019int\u00e9rieur des pages d\u2019un autre site ( Jeu de cadre \/frames)<\/p>\n<\/div>\n","protected":false},"excerpt":{"rendered":"<p>Politique des cookies Cette politique en mati\u00e8re de cookies explique ce que sont les cookies et comment nous les utilisons, les types de cookies que nous utilisons, c&rsquo;est-\u00e0-dire les informations&hellip;<\/p>\n","protected":false},"author":1,"featured_media":0,"parent":0,"menu_order":0,"comment_status":"closed","ping_status":"closed","template":"","meta":{"footnotes":""},"class_list":["post-1125","page","type-page","status-publish","hentry"],"_links":{"self":[{"href":"https:\/\/www.emmerin.fr\/index.php\/wp-json\/wp\/v2\/pages\/1125","targetHints":{"allow":["GET"]}}],"collection":[{"href":"https:\/\/www.emmerin.fr\/index.php\/wp-json\/wp\/v2\/pages"}],"about":[{"href":"https:\/\/www.emmerin.fr\/index.php\/wp-json\/wp\/v2\/types\/page"}],"author":[{"embeddable":true,"href":"https:\/\/www.emmerin.fr\/index.php\/wp-json\/wp\/v2\/users\/1"}],"replies":[{"embeddable":true,"href":"https:\/\/www.emmerin.fr\/index.php\/wp-json\/wp\/v2\/comments?post=1125"}],"version-history":[{"count":11,"href":"https:\/\/www.emmerin.fr\/index.php\/wp-json\/wp\/v2\/pages\/1125\/revisions"}],"predecessor-version":[{"id":4688,"href":"https:\/\/www.emmerin.fr\/index.php\/wp-json\/wp\/v2\/pages\/1125\/revisions\/4688"}],"wp:attachment":[{"href":"https:\/\/www.emmerin.fr\/index.php\/wp-json\/wp\/v2\/media?parent=1125"}],"curies":[{"name":"wp","href":"https:\/\/api.w.org\/{rel}","templated":true}]}}